{"id":952,"date":"2023-04-26T23:35:10","date_gmt":"2023-04-27T03:35:10","guid":{"rendered":"https:\/\/tiendachilevip.com\/?post_type=product&#038;p=952"},"modified":"2023-04-26T23:37:14","modified_gmt":"2023-04-27T03:37:14","slug":"rasurador-para-nariz","status":"publish","type":"product","link":"https:\/\/tiendachilevip.com\/?product=rasurador-para-nariz","title":{"rendered":"Rasurador Para Nariz"},"content":{"rendered":"<p>Descripci\u00f3n del producto:<br \/>\n100% nuevo y de alta calidad<br \/>\nTama\u00f1o: 15*1*1 cm\/5,91*0,4*0,4 pulgadas<br \/>\nColor: azul\/negro\/blanco<br \/>\nMaterial: ABS accesorios de metal<br \/>\nHoja: acero inoxidable (se puede lavar)<br \/>\nFuente de alimentaci\u00f3n: Carga USB<br \/>\nPeso del producto: 34g<br \/>\n\u00c1mbito de aplicaci\u00f3n: unisex<br \/>\nFunci\u00f3n: recortar pelo de nariz\/pelo de oreja\/cejas\/patillas, etc.<\/p>\n<p>Caracter\u00edstica:<br \/>\n1. Tiene un cabezal de corte redondo de 360 grados, que se raspa en todas las direcciones.<br \/>\n2. Se puede recortar perfectamente.<br \/>\n3. Tiene interruptor push-and-pull.<br \/>\n4. Su aspecto hermoso sin acumulaci\u00f3n de polvo.<br \/>\n5. El producto es impermeable y f\u00e1cil de lavar despu\u00e9s de su uso.<\/p>\n<p>Crisol de grafito mini horno de oro de la antorcha de fusi\u00f3n del metal:<br \/>\n1 ud. x recortadora de pelo de nariz + 1PCCarga USB + 1PCCepillo<br \/>\nO<br \/>\n1 ud. x recortadora de pelo de nariz +1PC de afeitar cabezas+ 1PCCarga USB + 1PCCepillo<\/p>\n","protected":false},"excerpt":{"rendered":"<p>Descripci\u00f3n del producto: 100% nuevo y de alta calidad Tama\u00f1o: 15*1*1 cm\/5,91*0,4*0,4 pulgadas Color: azul\/negro\/blanco Material: ABS accesorios de metal Hoja: acero inoxidable (se puede lavar) Fuente de alimentaci\u00f3n: Carga USB Peso del producto: 34g \u00c1mbito de aplicaci\u00f3n: unisex Funci\u00f3n: recortar pelo de nariz\/pelo de oreja\/cejas\/patillas, etc. Caracter\u00edstica: 1. Tiene un cabezal de corte redondo [&hellip;]<\/p>\n","protected":false},"featured_media":955,"comment_status":"open","ping_status":"closed","template":"","meta":{"_uag_custom_page_level_css":"","site-sidebar-layout":"default","site-content-layout":"","ast-site-content-layout":"default","site-content-style":"default","site-sidebar-style":"default","ast-global-header-display":"","ast-banner-title-visibility":"","ast-main-header-display":"","ast-hfb-above-header-display":"","ast-hfb-below-header-display":"","ast-hfb-mobile-header-display":"","site-post-title":"","ast-breadcrumbs-content":"","ast-featured-img":"","footer-sml-layout":"","ast-disable-related-posts":"","theme-transparent-header-meta":"","adv-header-id-meta":"","stick-header-meta":"","header-above-stick-meta":"","header-main-stick-meta":"","header-below-stick-meta":"","astra-migrate-meta-layouts":"default","ast-page-background-enabled":"default","ast-page-background-meta":{"desktop":{"background-color":"","background-image":"","background-repeat":"repeat","background-position":"center center","background-size":"auto","background-attachment":"scroll","background-type":"","background-media":"","overlay-type":"","overlay-color":"","overlay-opacity":"","overlay-gradient":""},"tablet":{"background-color":"","background-image":"","background-repeat":"repeat","background-position":"center center","background-size":"auto","background-attachment":"scroll","background-type":"","background-media":"","overlay-type":"","overlay-color":"","overlay-opacity":"","overlay-gradient":""},"mobile":{"background-color":"","background-image":"","background-repeat":"repeat","background-position":"center center","background-size":"auto","background-attachment":"scroll","background-type":"","background-media":"","overlay-type":"","overlay-color":"","overlay-opacity":"","overlay-gradient":""}},"ast-content-background-meta":{"desktop":{"background-color":"var(--ast-global-color-5)","background-image":"","background-repeat":"repeat","background-position":"center center","background-size":"auto","background-attachment":"scroll","background-type":"","background-media":"","overlay-type":"","overlay-color":"","overlay-opacity":"","overlay-gradient":""},"tablet":{"background-color":"var(--ast-global-color-5)","background-image":"","background-repeat":"repeat","background-position":"center center","background-size":"auto","background-attachment":"scroll","background-type":"","background-media":"","overlay-type":"","overlay-color":"","overlay-opacity":"","overlay-gradient":""},"mobile":{"background-color":"var(--ast-global-color-5)","background-image":"","background-repeat":"repeat","background-position":"center center","background-size":"auto","background-attachment":"scroll","background-type":"","background-media":"","overlay-type":"","overlay-color":"","overlay-opacity":"","overlay-gradient":""}},"_joinchat":[]},"product_brand":[],"product_cat":[31],"product_tag":[42,41],"class_list":{"0":"post-952","1":"product","2":"type-product","3":"status-publish","4":"has-post-thumbnail","6":"product_cat-belleza","7":"product_tag-nariz-perfecta","8":"product_tag-rasurador-profesional","9":"desktop-align-left","10":"tablet-align-left","11":"mobile-align-left","13":"first","14":"instock","15":"sale","16":"taxable","17":"shipping-taxable","18":"purchasable","19":"product-type-simple"},"uagb_featured_image_src":{"full":["https:\/\/tiendachilevip.com\/wp-content\/uploads\/2023\/04\/3-56.png",800,800,false],"thumbnail":["https:\/\/tiendachilevip.com\/wp-content\/uploads\/2023\/04\/3-56-150x150.png",150,150,true],"medium":["https:\/\/tiendachilevip.com\/wp-content\/uploads\/2023\/04\/3-56-300x300.png",300,300,true],"medium_large":["https:\/\/tiendachilevip.com\/wp-content\/uploads\/2023\/04\/3-56-768x768.png",768,768,true],"large":["https:\/\/tiendachilevip.com\/wp-content\/uploads\/2023\/04\/3-56.png",800,800,false],"1536x1536":["https:\/\/tiendachilevip.com\/wp-content\/uploads\/2023\/04\/3-56.png",800,800,false],"2048x2048":["https:\/\/tiendachilevip.com\/wp-content\/uploads\/2023\/04\/3-56.png",800,800,false],"woocommerce_thumbnail":["https:\/\/tiendachilevip.com\/wp-content\/uploads\/2023\/04\/3-56-300x300.png",300,300,true],"woocommerce_single":["https:\/\/tiendachilevip.com\/wp-content\/uploads\/2023\/04\/3-56-600x600.png",600,600,true],"woocommerce_gallery_thumbnail":["https:\/\/tiendachilevip.com\/wp-content\/uploads\/2023\/04\/3-56-100x100.png",100,100,true]},"uagb_author_info":{"display_name":"pablo lopez","author_link":"https:\/\/tiendachilevip.com\/?author=0"},"uagb_comment_info":0,"uagb_excerpt":"Descripci\u00f3n del producto: 100% nuevo y de alta calidad Tama\u00f1o: 15*1*1 cm\/5,91*0,4*0,4 pulgadas Color: azul\/negro\/blanco Material: ABS accesorios de metal Hoja: acero inoxidable (se puede lavar) Fuente de alimentaci\u00f3n: Carga USB Peso del producto: 34g \u00c1mbito de aplicaci\u00f3n: unisex Funci\u00f3n: recortar pelo de nariz\/pelo de oreja\/cejas\/patillas, etc. Caracter\u00edstica: 1. Tiene un cabezal de corte redondo&hellip;","_links":{"self":[{"href":"https:\/\/tiendachilevip.com\/index.php?rest_route=\/wp\/v2\/product\/952","targetHints":{"allow":["GET"]}}],"collection":[{"href":"https:\/\/tiendachilevip.com\/index.php?rest_route=\/wp\/v2\/product"}],"about":[{"href":"https:\/\/tiendachilevip.com\/index.php?rest_route=\/wp\/v2\/types\/product"}],"replies":[{"embeddable":true,"href":"https:\/\/tiendachilevip.com\/index.php?rest_route=%2Fwp%2Fv2%2Fcomments&post=952"}],"wp:featuredmedia":[{"embeddable":true,"href":"https:\/\/tiendachilevip.com\/index.php?rest_route=\/wp\/v2\/media\/955"}],"wp:attachment":[{"href":"https:\/\/tiendachilevip.com\/index.php?rest_route=%2Fwp%2Fv2%2Fmedia&parent=952"}],"wp:term":[{"taxonomy":"product_brand","embeddable":true,"href":"https:\/\/tiendachilevip.com\/index.php?rest_route=%2Fwp%2Fv2%2Fproduct_brand&post=952"},{"taxonomy":"product_cat","embeddable":true,"href":"https:\/\/tiendachilevip.com\/index.php?rest_route=%2Fwp%2Fv2%2Fproduct_cat&post=952"},{"taxonomy":"product_tag","embeddable":true,"href":"https:\/\/tiendachilevip.com\/index.php?rest_route=%2Fwp%2Fv2%2Fproduct_tag&post=952"}],"curies":[{"name":"wp","href":"https:\/\/api.w.org\/{rel}","templated":true}]}}