{"id":844,"date":"2023-04-25T16:55:02","date_gmt":"2023-04-25T20:55:02","guid":{"rendered":"https:\/\/tiendachilevip.com\/?post_type=product&#038;p=844"},"modified":"2023-04-25T18:00:13","modified_gmt":"2023-04-25T22:00:13","slug":"capa-de-corte-pelo-profesional","status":"publish","type":"product","link":"https:\/\/tiendachilevip.com\/?product=capa-de-corte-pelo-profesional","title":{"rendered":"Capa De Corte Pelo Profesional"},"content":{"rendered":"<p>Paga con debito o cr\u00e9dito como m\u00e1s te acomode hasta 3 cuotas sin inter\u00e9s<br \/>\nDescripciones:<\/p>\n<p>Di\u00e1metro: 60cm<\/p>\n<p>Color: Gris<\/p>\n<p>Estilo: material PE tipo P, envoltura, plegable<\/p>\n<p>Embalaje: embalaje de bolsa OPP transparente separado<\/p>\n<p>Peso: aproximadamente 54G\/pieza<\/p>\n<p>Tama\u00f1o de un solo plegado: aproximadamente 30cm \u00d7 30cm \u00d7 1cm<\/p>\n<p>Caracter\u00edstica:<\/p>\n<p>1)F\u00e1cil de limpiar simplemente limpiando con un pa\u00f1o h\u00famedo.<\/p>\n<p>2) La capa de corte de pelo con cierre de cuello se puede ajustar de acuerdo con diferentes tama\u00f1os. Adecuado para todos los miembros de su familia.<\/p>\n<p>3) Nuestras capas de corte de pelo est\u00e1n dise\u00f1adas con paraguas, que son perfectos para atrapar el pelo suelto durante un corte de pelo. Mantenga la ropa y los suelos limpios.<\/p>\n<p>4) F\u00e1cil de almacenar. Sostenga ambos extremos de la capa con ambas manos y gire en direcciones opuestas como si hiciera una figura 8. La capa se doblar\u00e1 en un c\u00edrculo m\u00e1s peque\u00f1o.<\/p>\n<p>5) Usa una capa tradicional y te sentir\u00e1s limitado y sofocado. Nuestra capa paraguas es un alivio. La capa le da libertad de movimiento mientras mantiene al usuario libre de vello.<\/p>\n<p>Paquete incluido:<\/p>\n<p>1 * capa estilizada<\/p>\n<p>Nota:<\/p>\n<p>1. El color real del proyecto puede ser ligeramente diferente al de la imagen que se muestra en el sitio web. Causado por muchos factores, como el brillo de la pantalla y el brillo de la luz.<\/p>\n<p>2. Permita un error de medici\u00f3n manual de 1-5mm.<\/p>\n","protected":false},"excerpt":{"rendered":"<p>Paga con debito o cr\u00e9dito como m\u00e1s te acomode hasta 3 cuotas sin inter\u00e9s Descripciones: Di\u00e1metro: 60cm Color: Gris Estilo: material PE tipo P, envoltura, plegable Embalaje: embalaje de bolsa OPP transparente separado Peso: aproximadamente 54G\/pieza Tama\u00f1o de un solo plegado: aproximadamente 30cm \u00d7 30cm \u00d7 1cm Caracter\u00edstica: 1)F\u00e1cil de limpiar simplemente limpiando con un [&hellip;]<\/p>\n","protected":false},"featured_media":845,"comment_status":"open","ping_status":"closed","template":"","meta":{"_uag_custom_page_level_css":"","site-sidebar-layout":"default","site-content-layout":"","ast-site-content-layout":"default","site-content-style":"default","site-sidebar-style":"default","ast-global-header-display":"","ast-banner-title-visibility":"","ast-main-header-display":"","ast-hfb-above-header-display":"","ast-hfb-below-header-display":"","ast-hfb-mobile-header-display":"","site-post-title":"","ast-breadcrumbs-content":"","ast-featured-img":"","footer-sml-layout":"","ast-disable-related-posts":"","theme-transparent-header-meta":"","adv-header-id-meta":"","stick-header-meta":"","header-above-stick-meta":"","header-main-stick-meta":"","header-below-stick-meta":"","astra-migrate-meta-layouts":"default","ast-page-background-enabled":"default","ast-page-background-meta":{"desktop":{"background-color":"","background-image":"","background-repeat":"repeat","background-position":"center center","background-size":"auto","background-attachment":"scroll","background-type":"","background-media":"","overlay-type":"","overlay-color":"","overlay-opacity":"","overlay-gradient":""},"tablet":{"background-color":"","background-image":"","background-repeat":"repeat","background-position":"center center","background-size":"auto","background-attachment":"scroll","background-type":"","background-media":"","overlay-type":"","overlay-color":"","overlay-opacity":"","overlay-gradient":""},"mobile":{"background-color":"","background-image":"","background-repeat":"repeat","background-position":"center center","background-size":"auto","background-attachment":"scroll","background-type":"","background-media":"","overlay-type":"","overlay-color":"","overlay-opacity":"","overlay-gradient":""}},"ast-content-background-meta":{"desktop":{"background-color":"var(--ast-global-color-5)","background-image":"","background-repeat":"repeat","background-position":"center center","background-size":"auto","background-attachment":"scroll","background-type":"","background-media":"","overlay-type":"","overlay-color":"","overlay-opacity":"","overlay-gradient":""},"tablet":{"background-color":"var(--ast-global-color-5)","background-image":"","background-repeat":"repeat","background-position":"center center","background-size":"auto","background-attachment":"scroll","background-type":"","background-media":"","overlay-type":"","overlay-color":"","overlay-opacity":"","overlay-gradient":""},"mobile":{"background-color":"var(--ast-global-color-5)","background-image":"","background-repeat":"repeat","background-position":"center center","background-size":"auto","background-attachment":"scroll","background-type":"","background-media":"","overlay-type":"","overlay-color":"","overlay-opacity":"","overlay-gradient":""}},"_joinchat":[]},"product_brand":[],"product_cat":[31],"product_tag":[],"class_list":{"0":"post-844","1":"product","2":"type-product","3":"status-publish","4":"has-post-thumbnail","6":"product_cat-belleza","7":"desktop-align-left","8":"tablet-align-left","9":"mobile-align-left","11":"first","12":"instock","13":"sale","14":"taxable","15":"shipping-taxable","16":"purchasable","17":"product-type-simple"},"uagb_featured_image_src":{"full":["https:\/\/tiendachilevip.com\/wp-content\/uploads\/2023\/04\/1-42.png",800,800,false],"thumbnail":["https:\/\/tiendachilevip.com\/wp-content\/uploads\/2023\/04\/1-42-150x150.png",150,150,true],"medium":["https:\/\/tiendachilevip.com\/wp-content\/uploads\/2023\/04\/1-42-300x300.png",300,300,true],"medium_large":["https:\/\/tiendachilevip.com\/wp-content\/uploads\/2023\/04\/1-42-768x768.png",768,768,true],"large":["https:\/\/tiendachilevip.com\/wp-content\/uploads\/2023\/04\/1-42.png",800,800,false],"1536x1536":["https:\/\/tiendachilevip.com\/wp-content\/uploads\/2023\/04\/1-42.png",800,800,false],"2048x2048":["https:\/\/tiendachilevip.com\/wp-content\/uploads\/2023\/04\/1-42.png",800,800,false],"woocommerce_thumbnail":["https:\/\/tiendachilevip.com\/wp-content\/uploads\/2023\/04\/1-42-300x300.png",300,300,true],"woocommerce_single":["https:\/\/tiendachilevip.com\/wp-content\/uploads\/2023\/04\/1-42-600x600.png",600,600,true],"woocommerce_gallery_thumbnail":["https:\/\/tiendachilevip.com\/wp-content\/uploads\/2023\/04\/1-42-100x100.png",100,100,true]},"uagb_author_info":{"display_name":"pablo lopez","author_link":"https:\/\/tiendachilevip.com\/?author=0"},"uagb_comment_info":0,"uagb_excerpt":"Paga con debito o cr\u00e9dito como m\u00e1s te acomode hasta 3 cuotas sin inter\u00e9s Descripciones: Di\u00e1metro: 60cm Color: Gris Estilo: material PE tipo P, envoltura, plegable Embalaje: embalaje de bolsa OPP transparente separado Peso: aproximadamente 54G\/pieza Tama\u00f1o de un solo plegado: aproximadamente 30cm \u00d7 30cm \u00d7 1cm Caracter\u00edstica: 1)F\u00e1cil de limpiar simplemente limpiando con un&hellip;","_links":{"self":[{"href":"https:\/\/tiendachilevip.com\/index.php?rest_route=\/wp\/v2\/product\/844","targetHints":{"allow":["GET"]}}],"collection":[{"href":"https:\/\/tiendachilevip.com\/index.php?rest_route=\/wp\/v2\/product"}],"about":[{"href":"https:\/\/tiendachilevip.com\/index.php?rest_route=\/wp\/v2\/types\/product"}],"replies":[{"embeddable":true,"href":"https:\/\/tiendachilevip.com\/index.php?rest_route=%2Fwp%2Fv2%2Fcomments&post=844"}],"wp:featuredmedia":[{"embeddable":true,"href":"https:\/\/tiendachilevip.com\/index.php?rest_route=\/wp\/v2\/media\/845"}],"wp:attachment":[{"href":"https:\/\/tiendachilevip.com\/index.php?rest_route=%2Fwp%2Fv2%2Fmedia&parent=844"}],"wp:term":[{"taxonomy":"product_brand","embeddable":true,"href":"https:\/\/tiendachilevip.com\/index.php?rest_route=%2Fwp%2Fv2%2Fproduct_brand&post=844"},{"taxonomy":"product_cat","embeddable":true,"href":"https:\/\/tiendachilevip.com\/index.php?rest_route=%2Fwp%2Fv2%2Fproduct_cat&post=844"},{"taxonomy":"product_tag","embeddable":true,"href":"https:\/\/tiendachilevip.com\/index.php?rest_route=%2Fwp%2Fv2%2Fproduct_tag&post=844"}],"curies":[{"name":"wp","href":"https:\/\/api.w.org\/{rel}","templated":true}]}}