{"id":816,"date":"2023-04-25T15:21:44","date_gmt":"2023-04-25T19:21:44","guid":{"rendered":"https:\/\/tiendachilevip.com\/?post_type=product&#038;p=816"},"modified":"2024-01-12T16:36:49","modified_gmt":"2024-01-12T20:36:49","slug":"camara-de-seguridad-4k-con-zoom","status":"publish","type":"product","link":"https:\/\/tiendachilevip.com\/?product=camara-de-seguridad-4k-con-zoom","title":{"rendered":"C\u00e1mara De Seguridad 4k Con Zoom"},"content":{"rendered":"<p>Caracter\u00edsticas principales:<\/p>\n<p>\u25cf Opci\u00f3n de Resoluci\u00f3n de 8MP 4MP<br \/>\n\u25cf Alarma de detecci\u00f3n humana AI<br \/>\n\u25cf C\u00e1mara de doble lente de 2,8mm + 12mm<br \/>\n\u25cf Cambie el Zoom Digital de 1X a 8X al instante<br \/>\n\u25cf Max 100 metros de visi\u00f3n diurna<br \/>\n\u25cf 10 ~ 40 metros de visi\u00f3n nocturna colorida\/negra y blanca<br \/>\n\u25cf Capacidad de penetraci\u00f3n de antena dual mejorada<br \/>\n\u25cf Panor\u00e1mica 300 grados\/inclinaci\u00f3n 100 grados<br \/>\n\u25cf Audio de dos v\u00edas habla en tiempo Real<br \/>\n\u25cf Detecci\u00f3n de movimiento y funci\u00f3n de tono de alarma<br \/>\n\u25cf WiFi de 2,4 Ghz y conexi\u00f3n por cable de dos modos<br \/>\n\u25cf Acceso al modo punto de acceso AP<br \/>\n\u25cf Resistente al agua IP66 para uso en exteriores<br \/>\n\u25cf La ranura para tarjeta TF admite un m\u00e1ximo de 128 GB.<br \/>\n\u25cf Cifrado de seguridad de almacenamiento en la nube<br \/>\n\u25cf Vista remota a trav\u00e9s de la aplicaci\u00f3n iCSee en el tel\u00e9fono inteligente<\/p>\n<p>\u25cf C\u00e1mara ip\/c\u00e1mara wifi de 8MP ptz con doble lente de visi\u00f3n nocturna\/c\u00e1mara wifi besder\/c\u00e1mara de seguridad<\/p>\n<p>\u25cf C\u00e1mara cctv\/c\u00e1mara de seguridad wifi\/c\u00e1mara wifi al aire libre<\/p>\n<p>\u25cf C\u00e1mara de seguridad wifi al aire libre\/c\u00e1mara de vigilancia wifi<\/p>\n<p>\u25cf Protecci\u00f3n de seguridad\/iptv \/ camara de vigilancia wifi\/c\u00e1mara wifi\/seguridad-Protecci\u00f3n\/CCTV<\/p>\n","protected":false},"excerpt":{"rendered":"<p>Caracter\u00edsticas principales: \u25cf Opci\u00f3n de Resoluci\u00f3n de 8MP 4MP \u25cf Alarma de detecci\u00f3n humana AI \u25cf C\u00e1mara de doble lente de 2,8mm + 12mm \u25cf Cambie el Zoom Digital de 1X a 8X al instante \u25cf Max 100 metros de visi\u00f3n diurna \u25cf 10 ~ 40 metros de visi\u00f3n nocturna colorida\/negra y blanca \u25cf Capacidad [&hellip;]<\/p>\n","protected":false},"featured_media":817,"comment_status":"open","ping_status":"closed","template":"","meta":{"_uag_custom_page_level_css":"","site-sidebar-layout":"default","site-content-layout":"","ast-site-content-layout":"default","site-content-style":"default","site-sidebar-style":"default","ast-global-header-display":"","ast-banner-title-visibility":"","ast-main-header-display":"","ast-hfb-above-header-display":"","ast-hfb-below-header-display":"","ast-hfb-mobile-header-display":"","site-post-title":"","ast-breadcrumbs-content":"","ast-featured-img":"","footer-sml-layout":"","ast-disable-related-posts":"","theme-transparent-header-meta":"default","adv-header-id-meta":"","stick-header-meta":"","header-above-stick-meta":"","header-main-stick-meta":"","header-below-stick-meta":"","astra-migrate-meta-layouts":"set","ast-page-background-enabled":"default","ast-page-background-meta":{"desktop":{"background-color":"","background-image":"","background-repeat":"repeat","background-position":"center center","background-size":"auto","background-attachment":"scroll","background-type":"","background-media":"","overlay-type":"","overlay-color":"","overlay-opacity":"","overlay-gradient":""},"tablet":{"background-color":"","background-image":"","background-repeat":"repeat","background-position":"center center","background-size":"auto","background-attachment":"scroll","background-type":"","background-media":"","overlay-type":"","overlay-color":"","overlay-opacity":"","overlay-gradient":""},"mobile":{"background-color":"","background-image":"","background-repeat":"repeat","background-position":"center center","background-size":"auto","background-attachment":"scroll","background-type":"","background-media":"","overlay-type":"","overlay-color":"","overlay-opacity":"","overlay-gradient":""}},"ast-content-background-meta":{"desktop":{"background-color":"var(--ast-global-color-5)","background-image":"","background-repeat":"repeat","background-position":"center center","background-size":"auto","background-attachment":"scroll","background-type":"","background-media":"","overlay-type":"","overlay-color":"","overlay-opacity":"","overlay-gradient":""},"tablet":{"background-color":"var(--ast-global-color-5)","background-image":"","background-repeat":"repeat","background-position":"center center","background-size":"auto","background-attachment":"scroll","background-type":"","background-media":"","overlay-type":"","overlay-color":"","overlay-opacity":"","overlay-gradient":""},"mobile":{"background-color":"var(--ast-global-color-5)","background-image":"","background-repeat":"repeat","background-position":"center center","background-size":"auto","background-attachment":"scroll","background-type":"","background-media":"","overlay-type":"","overlay-color":"","overlay-opacity":"","overlay-gradient":""}},"_joinchat":[]},"product_brand":[],"product_cat":[24],"product_tag":[],"class_list":{"0":"post-816","1":"product","2":"type-product","3":"status-publish","4":"has-post-thumbnail","6":"product_cat-electronica","7":"desktop-align-left","8":"tablet-align-left","9":"mobile-align-left","11":"first","12":"outofstock","13":"sale","14":"taxable","15":"shipping-taxable","16":"purchasable","17":"product-type-simple"},"uagb_featured_image_src":{"full":["https:\/\/tiendachilevip.com\/wp-content\/uploads\/2023\/04\/2-41.png",1000,1000,false],"thumbnail":["https:\/\/tiendachilevip.com\/wp-content\/uploads\/2023\/04\/2-41-150x150.png",150,150,true],"medium":["https:\/\/tiendachilevip.com\/wp-content\/uploads\/2023\/04\/2-41-300x300.png",300,300,true],"medium_large":["https:\/\/tiendachilevip.com\/wp-content\/uploads\/2023\/04\/2-41-768x768.png",768,768,true],"large":["https:\/\/tiendachilevip.com\/wp-content\/uploads\/2023\/04\/2-41.png",1000,1000,false],"1536x1536":["https:\/\/tiendachilevip.com\/wp-content\/uploads\/2023\/04\/2-41.png",1000,1000,false],"2048x2048":["https:\/\/tiendachilevip.com\/wp-content\/uploads\/2023\/04\/2-41.png",1000,1000,false],"woocommerce_thumbnail":["https:\/\/tiendachilevip.com\/wp-content\/uploads\/2023\/04\/2-41-300x300.png",300,300,true],"woocommerce_single":["https:\/\/tiendachilevip.com\/wp-content\/uploads\/2023\/04\/2-41-600x600.png",600,600,true],"woocommerce_gallery_thumbnail":["https:\/\/tiendachilevip.com\/wp-content\/uploads\/2023\/04\/2-41-100x100.png",100,100,true]},"uagb_author_info":{"display_name":"pablo lopez","author_link":"https:\/\/tiendachilevip.com\/?author=0"},"uagb_comment_info":1,"uagb_excerpt":"Caracter\u00edsticas principales: \u25cf Opci\u00f3n de Resoluci\u00f3n de 8MP 4MP \u25cf Alarma de detecci\u00f3n humana AI \u25cf C\u00e1mara de doble lente de 2,8mm + 12mm \u25cf Cambie el Zoom Digital de 1X a 8X al instante \u25cf Max 100 metros de visi\u00f3n diurna \u25cf 10 ~ 40 metros de visi\u00f3n nocturna colorida\/negra y blanca \u25cf Capacidad&hellip;","_links":{"self":[{"href":"https:\/\/tiendachilevip.com\/index.php?rest_route=\/wp\/v2\/product\/816","targetHints":{"allow":["GET"]}}],"collection":[{"href":"https:\/\/tiendachilevip.com\/index.php?rest_route=\/wp\/v2\/product"}],"about":[{"href":"https:\/\/tiendachilevip.com\/index.php?rest_route=\/wp\/v2\/types\/product"}],"replies":[{"embeddable":true,"href":"https:\/\/tiendachilevip.com\/index.php?rest_route=%2Fwp%2Fv2%2Fcomments&post=816"}],"wp:featuredmedia":[{"embeddable":true,"href":"https:\/\/tiendachilevip.com\/index.php?rest_route=\/wp\/v2\/media\/817"}],"wp:attachment":[{"href":"https:\/\/tiendachilevip.com\/index.php?rest_route=%2Fwp%2Fv2%2Fmedia&parent=816"}],"wp:term":[{"taxonomy":"product_brand","embeddable":true,"href":"https:\/\/tiendachilevip.com\/index.php?rest_route=%2Fwp%2Fv2%2Fproduct_brand&post=816"},{"taxonomy":"product_cat","embeddable":true,"href":"https:\/\/tiendachilevip.com\/index.php?rest_route=%2Fwp%2Fv2%2Fproduct_cat&post=816"},{"taxonomy":"product_tag","embeddable":true,"href":"https:\/\/tiendachilevip.com\/index.php?rest_route=%2Fwp%2Fv2%2Fproduct_tag&post=816"}],"curies":[{"name":"wp","href":"https:\/\/api.w.org\/{rel}","templated":true}]}}