{"id":785,"date":"2023-04-25T13:17:35","date_gmt":"2023-04-25T17:17:35","guid":{"rendered":"https:\/\/tiendachilevip.com\/?post_type=product&#038;p=785"},"modified":"2023-06-12T17:57:52","modified_gmt":"2023-06-12T21:57:52","slug":"camara-web-full-hd-1080p-con-microfono","status":"publish","type":"product","link":"https:\/\/tiendachilevip.com\/?product=camara-web-full-hd-1080p-con-microfono","title":{"rendered":"C\u00e1mara Web Full Hd 1080p Con Micr\u00f3fono"},"content":{"rendered":"<p>Webcam 1080P c\u00e1mara Web Full HD con micr\u00f3fono incorporado enchufe USB c\u00e1mara Web para PC ordenador Mac ordenador port\u00e1til Escritorio<\/p>\n<p>Caracter\u00edsticas:<br \/>\nV\u00eddeo HD: v\u00eddeo 1080p Full HD, con autoenfoque y correcci\u00f3n de luz avanzada para una buena definici\u00f3n, sonido de v\u00eddeo n\u00edtido.<br \/>\nF\u00e1cil de usar: conexi\u00f3n USB Plug and play a Windows PC o Mac.<br \/>\n360 grados de visi\u00f3n: vea m\u00e1s en la pantalla panor\u00e1mica real sin tener que volver a posicionar la c\u00e1mara.<br \/>\nMicr\u00f3fonos integrados: micr\u00f3fonos est\u00e9reo para captar voz de manera n\u00edtida.<br \/>\nM\u00faltiples opciones de montaje: clip integrado e hilo de tr\u00edpode para un f\u00e1cil montaje en monitores LCD, port\u00e1tiles y mesas.<\/p>\n<p>Especificaciones:<br \/>\nFormato de v\u00eddeo: MJPEG, YUY2<br \/>\nImagen: chip grande CMOS 1\/2.7<br \/>\nLente: Lente de Cristal de seis capas de alta calidad<br \/>\nLongitud del Cable USB: 130cm<br \/>\nVelocidad de fotogramas: 30 FPS<br \/>\nResoluci\u00f3n: 1920*1080<br \/>\n\u00c1ngulo de visi\u00f3n: 70 \u00b0<br \/>\nASF: AVI<\/p>\n","protected":false},"excerpt":{"rendered":"<p>Webcam 1080P c\u00e1mara Web Full HD con micr\u00f3fono incorporado enchufe USB c\u00e1mara Web para PC ordenador Mac ordenador port\u00e1til Escritorio Caracter\u00edsticas: V\u00eddeo HD: v\u00eddeo 1080p Full HD, con autoenfoque y correcci\u00f3n de luz avanzada para una buena definici\u00f3n, sonido de v\u00eddeo n\u00edtido. F\u00e1cil de usar: conexi\u00f3n USB Plug and play a Windows PC o Mac. [&hellip;]<\/p>\n","protected":false},"featured_media":786,"comment_status":"open","ping_status":"closed","template":"","meta":{"_uag_custom_page_level_css":"","site-sidebar-layout":"default","site-content-layout":"","ast-site-content-layout":"default","site-content-style":"default","site-sidebar-style":"default","ast-global-header-display":"","ast-banner-title-visibility":"","ast-main-header-display":"","ast-hfb-above-header-display":"","ast-hfb-below-header-display":"","ast-hfb-mobile-header-display":"","site-post-title":"","ast-breadcrumbs-content":"","ast-featured-img":"","footer-sml-layout":"","ast-disable-related-posts":"","theme-transparent-header-meta":"","adv-header-id-meta":"","stick-header-meta":"","header-above-stick-meta":"","header-main-stick-meta":"","header-below-stick-meta":"","astra-migrate-meta-layouts":"default","ast-page-background-enabled":"default","ast-page-background-meta":{"desktop":{"background-color":"","background-image":"","background-repeat":"repeat","background-position":"center center","background-size":"auto","background-attachment":"scroll","background-type":"","background-media":"","overlay-type":"","overlay-color":"","overlay-opacity":"","overlay-gradient":""},"tablet":{"background-color":"","background-image":"","background-repeat":"repeat","background-position":"center center","background-size":"auto","background-attachment":"scroll","background-type":"","background-media":"","overlay-type":"","overlay-color":"","overlay-opacity":"","overlay-gradient":""},"mobile":{"background-color":"","background-image":"","background-repeat":"repeat","background-position":"center center","background-size":"auto","background-attachment":"scroll","background-type":"","background-media":"","overlay-type":"","overlay-color":"","overlay-opacity":"","overlay-gradient":""}},"ast-content-background-meta":{"desktop":{"background-color":"var(--ast-global-color-5)","background-image":"","background-repeat":"repeat","background-position":"center center","background-size":"auto","background-attachment":"scroll","background-type":"","background-media":"","overlay-type":"","overlay-color":"","overlay-opacity":"","overlay-gradient":""},"tablet":{"background-color":"var(--ast-global-color-5)","background-image":"","background-repeat":"repeat","background-position":"center center","background-size":"auto","background-attachment":"scroll","background-type":"","background-media":"","overlay-type":"","overlay-color":"","overlay-opacity":"","overlay-gradient":""},"mobile":{"background-color":"var(--ast-global-color-5)","background-image":"","background-repeat":"repeat","background-position":"center center","background-size":"auto","background-attachment":"scroll","background-type":"","background-media":"","overlay-type":"","overlay-color":"","overlay-opacity":"","overlay-gradient":""}},"_joinchat":[]},"product_brand":[],"product_cat":[24],"product_tag":[],"class_list":{"0":"post-785","1":"product","2":"type-product","3":"status-publish","4":"has-post-thumbnail","6":"product_cat-electronica","7":"desktop-align-left","8":"tablet-align-left","9":"mobile-align-left","11":"first","12":"outofstock","13":"sale","14":"taxable","15":"shipping-taxable","16":"purchasable","17":"product-type-simple"},"uagb_featured_image_src":{"full":["https:\/\/tiendachilevip.com\/wp-content\/uploads\/2023\/04\/1-38.png",790,820,false],"thumbnail":["https:\/\/tiendachilevip.com\/wp-content\/uploads\/2023\/04\/1-38-150x150.png",150,150,true],"medium":["https:\/\/tiendachilevip.com\/wp-content\/uploads\/2023\/04\/1-38-289x300.png",289,300,true],"medium_large":["https:\/\/tiendachilevip.com\/wp-content\/uploads\/2023\/04\/1-38-768x797.png",768,797,true],"large":["https:\/\/tiendachilevip.com\/wp-content\/uploads\/2023\/04\/1-38.png",790,820,false],"1536x1536":["https:\/\/tiendachilevip.com\/wp-content\/uploads\/2023\/04\/1-38.png",790,820,false],"2048x2048":["https:\/\/tiendachilevip.com\/wp-content\/uploads\/2023\/04\/1-38.png",790,820,false],"woocommerce_thumbnail":["https:\/\/tiendachilevip.com\/wp-content\/uploads\/2023\/04\/1-38-300x300.png",300,300,true],"woocommerce_single":["https:\/\/tiendachilevip.com\/wp-content\/uploads\/2023\/04\/1-38-600x623.png",600,623,true],"woocommerce_gallery_thumbnail":["https:\/\/tiendachilevip.com\/wp-content\/uploads\/2023\/04\/1-38-100x100.png",100,100,true]},"uagb_author_info":{"display_name":"pablo lopez","author_link":"https:\/\/tiendachilevip.com\/?author=0"},"uagb_comment_info":0,"uagb_excerpt":"Webcam 1080P c\u00e1mara Web Full HD con micr\u00f3fono incorporado enchufe USB c\u00e1mara Web para PC ordenador Mac ordenador port\u00e1til Escritorio Caracter\u00edsticas: V\u00eddeo HD: v\u00eddeo 1080p Full HD, con autoenfoque y correcci\u00f3n de luz avanzada para una buena definici\u00f3n, sonido de v\u00eddeo n\u00edtido. F\u00e1cil de usar: conexi\u00f3n USB Plug and play a Windows PC o Mac.&hellip;","_links":{"self":[{"href":"https:\/\/tiendachilevip.com\/index.php?rest_route=\/wp\/v2\/product\/785","targetHints":{"allow":["GET"]}}],"collection":[{"href":"https:\/\/tiendachilevip.com\/index.php?rest_route=\/wp\/v2\/product"}],"about":[{"href":"https:\/\/tiendachilevip.com\/index.php?rest_route=\/wp\/v2\/types\/product"}],"replies":[{"embeddable":true,"href":"https:\/\/tiendachilevip.com\/index.php?rest_route=%2Fwp%2Fv2%2Fcomments&post=785"}],"wp:featuredmedia":[{"embeddable":true,"href":"https:\/\/tiendachilevip.com\/index.php?rest_route=\/wp\/v2\/media\/786"}],"wp:attachment":[{"href":"https:\/\/tiendachilevip.com\/index.php?rest_route=%2Fwp%2Fv2%2Fmedia&parent=785"}],"wp:term":[{"taxonomy":"product_brand","embeddable":true,"href":"https:\/\/tiendachilevip.com\/index.php?rest_route=%2Fwp%2Fv2%2Fproduct_brand&post=785"},{"taxonomy":"product_cat","embeddable":true,"href":"https:\/\/tiendachilevip.com\/index.php?rest_route=%2Fwp%2Fv2%2Fproduct_cat&post=785"},{"taxonomy":"product_tag","embeddable":true,"href":"https:\/\/tiendachilevip.com\/index.php?rest_route=%2Fwp%2Fv2%2Fproduct_tag&post=785"}],"curies":[{"name":"wp","href":"https:\/\/api.w.org\/{rel}","templated":true}]}}