{"id":703,"date":"2023-04-23T19:12:24","date_gmt":"2023-04-23T23:12:24","guid":{"rendered":"https:\/\/tiendachilevip.com\/?post_type=product&#038;p=703"},"modified":"2023-04-23T19:19:46","modified_gmt":"2023-04-23T23:19:46","slug":"auriculares-bluetooth-tactiles","status":"publish","type":"product","link":"https:\/\/tiendachilevip.com\/?product=auriculares-bluetooth-tactiles","title":{"rendered":"Auriculares Bluetooth T\u00e1ctiles"},"content":{"rendered":"<p>Nombre del producto<br \/>\nAuricular<br \/>\nRango de emparejamiento<br \/>\n10M<br \/>\nBater\u00eda<br \/>\n200 mAh<br \/>\nBater\u00eda para auriculares<br \/>\n35 mAh<br \/>\nVersi\u00f3n Bluetooth<br \/>\nTiempo de reproducci\u00f3n<br \/>\nAproximadamente 2-3 horas<br \/>\nPuerto de carga<br \/>\nMICRO USB<br \/>\nContenido del paquete<br \/>\nBot\u00f3n<br \/>\nControl inteligente de un bot\u00f3n, dise\u00f1o de presi\u00f3n ciega de un bot\u00f3n, adi\u00f3s al tacto insensible, operaci\u00f3n m\u00e1s conveniente<br \/>\nCaracter\u00edstica<br \/>\nHermosa voz clara y c\u00f3moda de llevar<br \/>\nTipo<br \/>\nGesti\u00f3n de carga inteligente\/conexi\u00f3n perfecta de succi\u00f3n magn\u00e9tica<\/p>\n","protected":false},"excerpt":{"rendered":"<p>Nombre del producto Auricular Rango de emparejamiento 10M Bater\u00eda 200 mAh Bater\u00eda para auriculares 35 mAh Versi\u00f3n Bluetooth Tiempo de reproducci\u00f3n Aproximadamente 2-3 horas Puerto de carga MICRO USB Contenido del paquete Bot\u00f3n Control inteligente de un bot\u00f3n, dise\u00f1o de presi\u00f3n ciega de un bot\u00f3n, adi\u00f3s al tacto insensible, operaci\u00f3n m\u00e1s conveniente Caracter\u00edstica Hermosa voz [&hellip;]<\/p>\n","protected":false},"featured_media":711,"comment_status":"open","ping_status":"closed","template":"","meta":{"_uag_custom_page_level_css":"","site-sidebar-layout":"default","site-content-layout":"","ast-site-content-layout":"default","site-content-style":"default","site-sidebar-style":"default","ast-global-header-display":"","ast-banner-title-visibility":"","ast-main-header-display":"","ast-hfb-above-header-display":"","ast-hfb-below-header-display":"","ast-hfb-mobile-header-display":"","site-post-title":"","ast-breadcrumbs-content":"","ast-featured-img":"","footer-sml-layout":"","ast-disable-related-posts":"","theme-transparent-header-meta":"","adv-header-id-meta":"","stick-header-meta":"","header-above-stick-meta":"","header-main-stick-meta":"","header-below-stick-meta":"","astra-migrate-meta-layouts":"default","ast-page-background-enabled":"default","ast-page-background-meta":{"desktop":{"background-color":"","background-image":"","background-repeat":"repeat","background-position":"center center","background-size":"auto","background-attachment":"scroll","background-type":"","background-media":"","overlay-type":"","overlay-color":"","overlay-opacity":"","overlay-gradient":""},"tablet":{"background-color":"","background-image":"","background-repeat":"repeat","background-position":"center center","background-size":"auto","background-attachment":"scroll","background-type":"","background-media":"","overlay-type":"","overlay-color":"","overlay-opacity":"","overlay-gradient":""},"mobile":{"background-color":"","background-image":"","background-repeat":"repeat","background-position":"center center","background-size":"auto","background-attachment":"scroll","background-type":"","background-media":"","overlay-type":"","overlay-color":"","overlay-opacity":"","overlay-gradient":""}},"ast-content-background-meta":{"desktop":{"background-color":"var(--ast-global-color-5)","background-image":"","background-repeat":"repeat","background-position":"center center","background-size":"auto","background-attachment":"scroll","background-type":"","background-media":"","overlay-type":"","overlay-color":"","overlay-opacity":"","overlay-gradient":""},"tablet":{"background-color":"var(--ast-global-color-5)","background-image":"","background-repeat":"repeat","background-position":"center center","background-size":"auto","background-attachment":"scroll","background-type":"","background-media":"","overlay-type":"","overlay-color":"","overlay-opacity":"","overlay-gradient":""},"mobile":{"background-color":"var(--ast-global-color-5)","background-image":"","background-repeat":"repeat","background-position":"center center","background-size":"auto","background-attachment":"scroll","background-type":"","background-media":"","overlay-type":"","overlay-color":"","overlay-opacity":"","overlay-gradient":""}},"_joinchat":[]},"product_brand":[],"product_cat":[29],"product_tag":[],"class_list":{"0":"post-703","1":"product","2":"type-product","3":"status-publish","4":"has-post-thumbnail","6":"product_cat-auriculares","7":"desktop-align-left","8":"tablet-align-left","9":"mobile-align-left","11":"first","12":"instock","13":"sale","14":"taxable","15":"shipping-taxable","16":"purchasable","17":"product-type-simple"},"uagb_featured_image_src":{"full":["https:\/\/tiendachilevip.com\/wp-content\/uploads\/2023\/04\/8-20.png",800,800,false],"thumbnail":["https:\/\/tiendachilevip.com\/wp-content\/uploads\/2023\/04\/8-20-150x150.png",150,150,true],"medium":["https:\/\/tiendachilevip.com\/wp-content\/uploads\/2023\/04\/8-20-300x300.png",300,300,true],"medium_large":["https:\/\/tiendachilevip.com\/wp-content\/uploads\/2023\/04\/8-20-768x768.png",768,768,true],"large":["https:\/\/tiendachilevip.com\/wp-content\/uploads\/2023\/04\/8-20.png",800,800,false],"1536x1536":["https:\/\/tiendachilevip.com\/wp-content\/uploads\/2023\/04\/8-20.png",800,800,false],"2048x2048":["https:\/\/tiendachilevip.com\/wp-content\/uploads\/2023\/04\/8-20.png",800,800,false],"woocommerce_thumbnail":["https:\/\/tiendachilevip.com\/wp-content\/uploads\/2023\/04\/8-20-300x300.png",300,300,true],"woocommerce_single":["https:\/\/tiendachilevip.com\/wp-content\/uploads\/2023\/04\/8-20-600x600.png",600,600,true],"woocommerce_gallery_thumbnail":["https:\/\/tiendachilevip.com\/wp-content\/uploads\/2023\/04\/8-20-100x100.png",100,100,true]},"uagb_author_info":{"display_name":"pablo lopez","author_link":"https:\/\/tiendachilevip.com\/?author=0"},"uagb_comment_info":0,"uagb_excerpt":"Nombre del producto Auricular Rango de emparejamiento 10M Bater\u00eda 200 mAh Bater\u00eda para auriculares 35 mAh Versi\u00f3n Bluetooth Tiempo de reproducci\u00f3n Aproximadamente 2-3 horas Puerto de carga MICRO USB Contenido del paquete Bot\u00f3n Control inteligente de un bot\u00f3n, dise\u00f1o de presi\u00f3n ciega de un bot\u00f3n, adi\u00f3s al tacto insensible, operaci\u00f3n m\u00e1s conveniente Caracter\u00edstica Hermosa voz&hellip;","_links":{"self":[{"href":"https:\/\/tiendachilevip.com\/index.php?rest_route=\/wp\/v2\/product\/703","targetHints":{"allow":["GET"]}}],"collection":[{"href":"https:\/\/tiendachilevip.com\/index.php?rest_route=\/wp\/v2\/product"}],"about":[{"href":"https:\/\/tiendachilevip.com\/index.php?rest_route=\/wp\/v2\/types\/product"}],"replies":[{"embeddable":true,"href":"https:\/\/tiendachilevip.com\/index.php?rest_route=%2Fwp%2Fv2%2Fcomments&post=703"}],"wp:featuredmedia":[{"embeddable":true,"href":"https:\/\/tiendachilevip.com\/index.php?rest_route=\/wp\/v2\/media\/711"}],"wp:attachment":[{"href":"https:\/\/tiendachilevip.com\/index.php?rest_route=%2Fwp%2Fv2%2Fmedia&parent=703"}],"wp:term":[{"taxonomy":"product_brand","embeddable":true,"href":"https:\/\/tiendachilevip.com\/index.php?rest_route=%2Fwp%2Fv2%2Fproduct_brand&post=703"},{"taxonomy":"product_cat","embeddable":true,"href":"https:\/\/tiendachilevip.com\/index.php?rest_route=%2Fwp%2Fv2%2Fproduct_cat&post=703"},{"taxonomy":"product_tag","embeddable":true,"href":"https:\/\/tiendachilevip.com\/index.php?rest_route=%2Fwp%2Fv2%2Fproduct_tag&post=703"}],"curies":[{"name":"wp","href":"https:\/\/api.w.org\/{rel}","templated":true}]}}