{"id":574,"date":"2023-04-23T12:16:56","date_gmt":"2023-04-23T16:16:56","guid":{"rendered":"https:\/\/tiendachilevip.com\/?post_type=product&#038;p=574"},"modified":"2023-04-23T12:33:03","modified_gmt":"2023-04-23T16:33:03","slug":"auriculares-lenovo-xt91","status":"publish","type":"product","link":"https:\/\/tiendachilevip.com\/?product=auriculares-lenovo-xt91","title":{"rendered":"Auriculares Lenovo XT91"},"content":{"rendered":"<p>hacemos env\u00edos a todo Chile<br \/>\nExcelentes Aud\u00edfonos In-ear ,<br \/>\nLenovo-auriculares inal\u00e1mbricos XT91 con Bluetooth, dispositivo de audio TWS, BT5.0, con Control IA, est\u00e9reo, deportivo, reducci\u00f3n de ruido y micr\u00f3fono.<\/p>\n<p>Auriculares de modo dual, ambos lados son auriculares maestros, rompiendo la limitaci\u00f3n maestro-esclavo de los auriculares tradicionales;<br \/>\nFuerte compatibilidad, compatible con la mayor\u00eda de tel\u00e9fonos m\u00f3viles del mercado;<br \/>\nResistente al agua y al sudor, sin miedo a sudar profusamente durante el ejercicio.<\/p>\n","protected":false},"excerpt":{"rendered":"<p>hacemos env\u00edos a todo Chile Excelentes Aud\u00edfonos In-ear , Lenovo-auriculares inal\u00e1mbricos XT91 con Bluetooth, dispositivo de audio TWS, BT5.0, con Control IA, est\u00e9reo, deportivo, reducci\u00f3n de ruido y micr\u00f3fono. Auriculares de modo dual, ambos lados son auriculares maestros, rompiendo la limitaci\u00f3n maestro-esclavo de los auriculares tradicionales; Fuerte compatibilidad, compatible con la mayor\u00eda de tel\u00e9fonos m\u00f3viles [&hellip;]<\/p>\n","protected":false},"featured_media":586,"comment_status":"open","ping_status":"closed","template":"","meta":{"_uag_custom_page_level_css":"","site-sidebar-layout":"default","site-content-layout":"","ast-site-content-layout":"default","site-content-style":"default","site-sidebar-style":"default","ast-global-header-display":"","ast-banner-title-visibility":"","ast-main-header-display":"","ast-hfb-above-header-display":"","ast-hfb-below-header-display":"","ast-hfb-mobile-header-display":"","site-post-title":"","ast-breadcrumbs-content":"","ast-featured-img":"","footer-sml-layout":"","ast-disable-related-posts":"","theme-transparent-header-meta":"","adv-header-id-meta":"","stick-header-meta":"","header-above-stick-meta":"","header-main-stick-meta":"","header-below-stick-meta":"","astra-migrate-meta-layouts":"default","ast-page-background-enabled":"default","ast-page-background-meta":{"desktop":{"background-color":"","background-image":"","background-repeat":"repeat","background-position":"center center","background-size":"auto","background-attachment":"scroll","background-type":"","background-media":"","overlay-type":"","overlay-color":"","overlay-opacity":"","overlay-gradient":""},"tablet":{"background-color":"","background-image":"","background-repeat":"repeat","background-position":"center center","background-size":"auto","background-attachment":"scroll","background-type":"","background-media":"","overlay-type":"","overlay-color":"","overlay-opacity":"","overlay-gradient":""},"mobile":{"background-color":"","background-image":"","background-repeat":"repeat","background-position":"center center","background-size":"auto","background-attachment":"scroll","background-type":"","background-media":"","overlay-type":"","overlay-color":"","overlay-opacity":"","overlay-gradient":""}},"ast-content-background-meta":{"desktop":{"background-color":"var(--ast-global-color-5)","background-image":"","background-repeat":"repeat","background-position":"center center","background-size":"auto","background-attachment":"scroll","background-type":"","background-media":"","overlay-type":"","overlay-color":"","overlay-opacity":"","overlay-gradient":""},"tablet":{"background-color":"var(--ast-global-color-5)","background-image":"","background-repeat":"repeat","background-position":"center center","background-size":"auto","background-attachment":"scroll","background-type":"","background-media":"","overlay-type":"","overlay-color":"","overlay-opacity":"","overlay-gradient":""},"mobile":{"background-color":"var(--ast-global-color-5)","background-image":"","background-repeat":"repeat","background-position":"center center","background-size":"auto","background-attachment":"scroll","background-type":"","background-media":"","overlay-type":"","overlay-color":"","overlay-opacity":"","overlay-gradient":""}},"_joinchat":[]},"product_brand":[],"product_cat":[29],"product_tag":[],"class_list":{"0":"post-574","1":"product","2":"type-product","3":"status-publish","4":"has-post-thumbnail","6":"product_cat-auriculares","7":"desktop-align-left","8":"tablet-align-left","9":"mobile-align-left","11":"first","12":"instock","13":"sale","14":"taxable","15":"shipping-taxable","16":"purchasable","17":"product-type-simple"},"uagb_featured_image_src":{"full":["https:\/\/tiendachilevip.com\/wp-content\/uploads\/2023\/04\/12-6.png",790,1177,false],"thumbnail":["https:\/\/tiendachilevip.com\/wp-content\/uploads\/2023\/04\/12-6-150x150.png",150,150,true],"medium":["https:\/\/tiendachilevip.com\/wp-content\/uploads\/2023\/04\/12-6-201x300.png",201,300,true],"medium_large":["https:\/\/tiendachilevip.com\/wp-content\/uploads\/2023\/04\/12-6-768x1144.png",768,1144,true],"large":["https:\/\/tiendachilevip.com\/wp-content\/uploads\/2023\/04\/12-6-687x1024.png",687,1024,true],"1536x1536":["https:\/\/tiendachilevip.com\/wp-content\/uploads\/2023\/04\/12-6.png",790,1177,false],"2048x2048":["https:\/\/tiendachilevip.com\/wp-content\/uploads\/2023\/04\/12-6.png",790,1177,false],"woocommerce_thumbnail":["https:\/\/tiendachilevip.com\/wp-content\/uploads\/2023\/04\/12-6-300x300.png",300,300,true],"woocommerce_single":["https:\/\/tiendachilevip.com\/wp-content\/uploads\/2023\/04\/12-6-600x894.png",600,894,true],"woocommerce_gallery_thumbnail":["https:\/\/tiendachilevip.com\/wp-content\/uploads\/2023\/04\/12-6-100x100.png",100,100,true]},"uagb_author_info":{"display_name":"pablo lopez","author_link":"https:\/\/tiendachilevip.com\/?author=0"},"uagb_comment_info":0,"uagb_excerpt":"hacemos env\u00edos a todo Chile Excelentes Aud\u00edfonos In-ear , Lenovo-auriculares inal\u00e1mbricos XT91 con Bluetooth, dispositivo de audio TWS, BT5.0, con Control IA, est\u00e9reo, deportivo, reducci\u00f3n de ruido y micr\u00f3fono. Auriculares de modo dual, ambos lados son auriculares maestros, rompiendo la limitaci\u00f3n maestro-esclavo de los auriculares tradicionales; Fuerte compatibilidad, compatible con la mayor\u00eda de tel\u00e9fonos m\u00f3viles&hellip;","_links":{"self":[{"href":"https:\/\/tiendachilevip.com\/index.php?rest_route=\/wp\/v2\/product\/574","targetHints":{"allow":["GET"]}}],"collection":[{"href":"https:\/\/tiendachilevip.com\/index.php?rest_route=\/wp\/v2\/product"}],"about":[{"href":"https:\/\/tiendachilevip.com\/index.php?rest_route=\/wp\/v2\/types\/product"}],"replies":[{"embeddable":true,"href":"https:\/\/tiendachilevip.com\/index.php?rest_route=%2Fwp%2Fv2%2Fcomments&post=574"}],"wp:featuredmedia":[{"embeddable":true,"href":"https:\/\/tiendachilevip.com\/index.php?rest_route=\/wp\/v2\/media\/586"}],"wp:attachment":[{"href":"https:\/\/tiendachilevip.com\/index.php?rest_route=%2Fwp%2Fv2%2Fmedia&parent=574"}],"wp:term":[{"taxonomy":"product_brand","embeddable":true,"href":"https:\/\/tiendachilevip.com\/index.php?rest_route=%2Fwp%2Fv2%2Fproduct_brand&post=574"},{"taxonomy":"product_cat","embeddable":true,"href":"https:\/\/tiendachilevip.com\/index.php?rest_route=%2Fwp%2Fv2%2Fproduct_cat&post=574"},{"taxonomy":"product_tag","embeddable":true,"href":"https:\/\/tiendachilevip.com\/index.php?rest_route=%2Fwp%2Fv2%2Fproduct_tag&post=574"}],"curies":[{"name":"wp","href":"https:\/\/api.w.org\/{rel}","templated":true}]}}