{"id":515,"date":"2023-04-22T12:18:44","date_gmt":"2023-04-22T16:18:44","guid":{"rendered":"https:\/\/tiendachilevip.com\/?post_type=product&#038;p=515"},"modified":"2023-04-22T12:18:45","modified_gmt":"2023-04-22T16:18:45","slug":"auriculares-lenovo-ht38","status":"publish","type":"product","link":"https:\/\/tiendachilevip.com\/?product=auriculares-lenovo-ht38","title":{"rendered":"Auriculares Lenovo Ht38"},"content":{"rendered":"<p>Caracter\u00edsticas:<\/p>\n<p>Tambi\u00e9n en Mercado Libre https:\/\/articulo.mercadolibre.cl\/MLC-1375844705-auriculares-lenovo-ht38-_JM<br \/>\n-Bobina din\u00e1mica grande, membrana timp\u00e1nica de doble vibraci\u00f3n, bater\u00eda de larga duraci\u00f3n.<br \/>\nSonido est\u00e9reo 9D. El dise\u00f1o de la cavidad integrada crea una gama completa de efectos de sonido crecientes.<br \/>\n-La transmisi\u00f3n de se\u00f1al es estable y los auriculares se pueden conectar y emparejar autom\u00e1ticamente despu\u00e9s de abrir la cubierta y sacar los auriculares.<br \/>\n-La potente compatibilidad del chip Bluetooth 5,0 permite que los dispositivos conectados inteligentes conecten la mayor\u00eda de los dispositivos Bluetooth del mercado.<br \/>\n-La tecnolog\u00eda de reducci\u00f3n de ruido hace que su voz sea coherente para llamadas n\u00edtidas, incluso en entornos ruidosos como en una oficina, un caf\u00e9 o en un autob\u00fas, tren, coche, etc.<\/p>\n<p>&nbsp;<\/p>\n","protected":false},"excerpt":{"rendered":"<p>Caracter\u00edsticas: Tambi\u00e9n en Mercado Libre https:\/\/articulo.mercadolibre.cl\/MLC-1375844705-auriculares-lenovo-ht38-_JM -Bobina din\u00e1mica grande, membrana timp\u00e1nica de doble vibraci\u00f3n, bater\u00eda de larga duraci\u00f3n. Sonido est\u00e9reo 9D. El dise\u00f1o de la cavidad integrada crea una gama completa de efectos de sonido crecientes. -La transmisi\u00f3n de se\u00f1al es estable y los auriculares se pueden conectar y emparejar autom\u00e1ticamente despu\u00e9s de abrir la [&hellip;]<\/p>\n","protected":false},"featured_media":516,"comment_status":"open","ping_status":"closed","template":"","meta":{"_uag_custom_page_level_css":"","site-sidebar-layout":"default","site-content-layout":"","ast-site-content-layout":"default","site-content-style":"default","site-sidebar-style":"default","ast-global-header-display":"","ast-banner-title-visibility":"","ast-main-header-display":"","ast-hfb-above-header-display":"","ast-hfb-below-header-display":"","ast-hfb-mobile-header-display":"","site-post-title":"","ast-breadcrumbs-content":"","ast-featured-img":"","footer-sml-layout":"","ast-disable-related-posts":"","theme-transparent-header-meta":"","adv-header-id-meta":"","stick-header-meta":"","header-above-stick-meta":"","header-main-stick-meta":"","header-below-stick-meta":"","astra-migrate-meta-layouts":"default","ast-page-background-enabled":"default","ast-page-background-meta":{"desktop":{"background-color":"","background-image":"","background-repeat":"repeat","background-position":"center center","background-size":"auto","background-attachment":"scroll","background-type":"","background-media":"","overlay-type":"","overlay-color":"","overlay-opacity":"","overlay-gradient":""},"tablet":{"background-color":"","background-image":"","background-repeat":"repeat","background-position":"center center","background-size":"auto","background-attachment":"scroll","background-type":"","background-media":"","overlay-type":"","overlay-color":"","overlay-opacity":"","overlay-gradient":""},"mobile":{"background-color":"","background-image":"","background-repeat":"repeat","background-position":"center center","background-size":"auto","background-attachment":"scroll","background-type":"","background-media":"","overlay-type":"","overlay-color":"","overlay-opacity":"","overlay-gradient":""}},"ast-content-background-meta":{"desktop":{"background-color":"var(--ast-global-color-5)","background-image":"","background-repeat":"repeat","background-position":"center center","background-size":"auto","background-attachment":"scroll","background-type":"","background-media":"","overlay-type":"","overlay-color":"","overlay-opacity":"","overlay-gradient":""},"tablet":{"background-color":"var(--ast-global-color-5)","background-image":"","background-repeat":"repeat","background-position":"center center","background-size":"auto","background-attachment":"scroll","background-type":"","background-media":"","overlay-type":"","overlay-color":"","overlay-opacity":"","overlay-gradient":""},"mobile":{"background-color":"var(--ast-global-color-5)","background-image":"","background-repeat":"repeat","background-position":"center center","background-size":"auto","background-attachment":"scroll","background-type":"","background-media":"","overlay-type":"","overlay-color":"","overlay-opacity":"","overlay-gradient":""}},"_joinchat":[]},"product_brand":[],"product_cat":[29],"product_tag":[],"class_list":{"0":"post-515","1":"product","2":"type-product","3":"status-publish","4":"has-post-thumbnail","6":"product_cat-auriculares","7":"desktop-align-left","8":"tablet-align-left","9":"mobile-align-left","11":"first","12":"instock","13":"sale","14":"taxable","15":"shipping-taxable","16":"purchasable","17":"product-type-simple"},"uagb_featured_image_src":{"full":["https:\/\/tiendachilevip.com\/wp-content\/uploads\/2023\/04\/1-14.png",1000,1527,false],"thumbnail":["https:\/\/tiendachilevip.com\/wp-content\/uploads\/2023\/04\/1-14-150x150.png",150,150,true],"medium":["https:\/\/tiendachilevip.com\/wp-content\/uploads\/2023\/04\/1-14-196x300.png",196,300,true],"medium_large":["https:\/\/tiendachilevip.com\/wp-content\/uploads\/2023\/04\/1-14-768x1173.png",768,1173,true],"large":["https:\/\/tiendachilevip.com\/wp-content\/uploads\/2023\/04\/1-14-671x1024.png",671,1024,true],"1536x1536":["https:\/\/tiendachilevip.com\/wp-content\/uploads\/2023\/04\/1-14.png",1000,1527,false],"2048x2048":["https:\/\/tiendachilevip.com\/wp-content\/uploads\/2023\/04\/1-14.png",1000,1527,false],"woocommerce_thumbnail":["https:\/\/tiendachilevip.com\/wp-content\/uploads\/2023\/04\/1-14-300x300.png",300,300,true],"woocommerce_single":["https:\/\/tiendachilevip.com\/wp-content\/uploads\/2023\/04\/1-14-600x916.png",600,916,true],"woocommerce_gallery_thumbnail":["https:\/\/tiendachilevip.com\/wp-content\/uploads\/2023\/04\/1-14-100x100.png",100,100,true]},"uagb_author_info":{"display_name":"pablo lopez","author_link":"https:\/\/tiendachilevip.com\/?author=0"},"uagb_comment_info":0,"uagb_excerpt":"Caracter\u00edsticas: Tambi\u00e9n en Mercado Libre https:\/\/articulo.mercadolibre.cl\/MLC-1375844705-auriculares-lenovo-ht38-_JM -Bobina din\u00e1mica grande, membrana timp\u00e1nica de doble vibraci\u00f3n, bater\u00eda de larga duraci\u00f3n. Sonido est\u00e9reo 9D. El dise\u00f1o de la cavidad integrada crea una gama completa de efectos de sonido crecientes. -La transmisi\u00f3n de se\u00f1al es estable y los auriculares se pueden conectar y emparejar autom\u00e1ticamente despu\u00e9s de abrir la&hellip;","_links":{"self":[{"href":"https:\/\/tiendachilevip.com\/index.php?rest_route=\/wp\/v2\/product\/515","targetHints":{"allow":["GET"]}}],"collection":[{"href":"https:\/\/tiendachilevip.com\/index.php?rest_route=\/wp\/v2\/product"}],"about":[{"href":"https:\/\/tiendachilevip.com\/index.php?rest_route=\/wp\/v2\/types\/product"}],"replies":[{"embeddable":true,"href":"https:\/\/tiendachilevip.com\/index.php?rest_route=%2Fwp%2Fv2%2Fcomments&post=515"}],"wp:featuredmedia":[{"embeddable":true,"href":"https:\/\/tiendachilevip.com\/index.php?rest_route=\/wp\/v2\/media\/516"}],"wp:attachment":[{"href":"https:\/\/tiendachilevip.com\/index.php?rest_route=%2Fwp%2Fv2%2Fmedia&parent=515"}],"wp:term":[{"taxonomy":"product_brand","embeddable":true,"href":"https:\/\/tiendachilevip.com\/index.php?rest_route=%2Fwp%2Fv2%2Fproduct_brand&post=515"},{"taxonomy":"product_cat","embeddable":true,"href":"https:\/\/tiendachilevip.com\/index.php?rest_route=%2Fwp%2Fv2%2Fproduct_cat&post=515"},{"taxonomy":"product_tag","embeddable":true,"href":"https:\/\/tiendachilevip.com\/index.php?rest_route=%2Fwp%2Fv2%2Fproduct_tag&post=515"}],"curies":[{"name":"wp","href":"https:\/\/api.w.org\/{rel}","templated":true}]}}