{"id":237,"date":"2022-12-01T12:41:20","date_gmt":"2022-12-01T16:41:20","guid":{"rendered":"https:\/\/tiendachilevip.com\/?post_type=product&#038;p=237"},"modified":"2025-12-07T11:58:33","modified_gmt":"2025-12-07T15:58:33","slug":"helicoptero-rc-v911s-4-canales","status":"publish","type":"product","link":"https:\/\/tiendachilevip.com\/?product=helicoptero-rc-v911s-4-canales","title":{"rendered":"Helicoptero RC V911S 4 Canales"},"content":{"rendered":"<p>descripci\u00f3n:<br \/>\nhelic\u00f3ptero de 4 canales: funci\u00f3n de conversi\u00f3n de tim\u00f3n de tama\u00f1o de bajo voltaje.<br \/>\nfly performance: los trabajos con funciones incluyen seguir adelante, hacia atr\u00e1s, girar a la izquierda y a la derecha, deslizando el cursor as\u00ed como la mosca lateral.<br \/>\nligero y resistente.<br \/>\nMando con pantalla lcd<br \/>\n1 bater\u00eda: viene con 1 bater\u00edas li-po de 3,7 v 130mah para el intercambio r\u00e1pido.<\/p>\n<p>especificaci\u00f3n:<br \/>\npeso del vuelo 43.5g.<br \/>\ntiempo de uso: aproximadamente 6-7 minutos<br \/>\ntiempo de carga: 35-40 minutos<br \/>\nmodo de control remoto:<br \/>\ndistancia de control remoto (m): 80-100 m<br \/>\nn\u00famero de motores de accionamiento: motor principal (taza de hollow) 8520 motor de cola (taza de hollow) 0716<br \/>\ndetalles de la bater\u00eda: fuselage 3.7v (250mah)<br \/>\nmando a distancia: 6 bater\u00edas xa (no incluidas)<\/p>\n<p>Video referencia<\/p>\n<div class=\"ast-oembed-container \" style=\"height: 100%;\"><iframe loading=\"lazy\" title=\"Unboxing Helicopero RC V911S\" width=\"500\" height=\"281\" src=\"https:\/\/www.youtube.com\/embed\/r-Hg-Ge2eFI?feature=oembed\" frameborder=\"0\" allow=\"accelerometer; autoplay; clipboard-write; encrypted-media; gyroscope; picture-in-picture; web-share\" referrerpolicy=\"strict-origin-when-cross-origin\" allowfullscreen><\/iframe><\/div>\n","protected":false},"excerpt":{"rendered":"<p>descripci\u00f3n: helic\u00f3ptero de 4 canales: funci\u00f3n de conversi\u00f3n de tim\u00f3n de tama\u00f1o de bajo voltaje. fly performance: los trabajos con funciones incluyen seguir adelante, hacia atr\u00e1s, girar a la izquierda y a la derecha, deslizando el cursor as\u00ed como la mosca lateral. ligero y resistente. Mando con pantalla lcd 1 bater\u00eda: viene con 1 bater\u00edas [&hellip;]<\/p>\n","protected":false},"featured_media":240,"comment_status":"open","ping_status":"closed","template":"","meta":{"_uag_custom_page_level_css":"","site-sidebar-layout":"default","site-content-layout":"","ast-site-content-layout":"default","site-content-style":"default","site-sidebar-style":"default","ast-global-header-display":"","ast-banner-title-visibility":"","ast-main-header-display":"","ast-hfb-above-header-display":"","ast-hfb-below-header-display":"","ast-hfb-mobile-header-display":"","site-post-title":"","ast-breadcrumbs-content":"","ast-featured-img":"","footer-sml-layout":"","ast-disable-related-posts":"","theme-transparent-header-meta":"default","adv-header-id-meta":"","stick-header-meta":"","header-above-stick-meta":"","header-main-stick-meta":"","header-below-stick-meta":"","astra-migrate-meta-layouts":"set","ast-page-background-enabled":"default","ast-page-background-meta":{"desktop":{"background-color":"","background-image":"","background-repeat":"repeat","background-position":"center center","background-size":"auto","background-attachment":"scroll","background-type":"","background-media":"","overlay-type":"","overlay-color":"","overlay-opacity":"","overlay-gradient":""},"tablet":{"background-color":"","background-image":"","background-repeat":"repeat","background-position":"center center","background-size":"auto","background-attachment":"scroll","background-type":"","background-media":"","overlay-type":"","overlay-color":"","overlay-opacity":"","overlay-gradient":""},"mobile":{"background-color":"","background-image":"","background-repeat":"repeat","background-position":"center center","background-size":"auto","background-attachment":"scroll","background-type":"","background-media":"","overlay-type":"","overlay-color":"","overlay-opacity":"","overlay-gradient":""}},"ast-content-background-meta":{"desktop":{"background-color":"var(--ast-global-color-5)","background-image":"","background-repeat":"repeat","background-position":"center center","background-size":"auto","background-attachment":"scroll","background-type":"","background-media":"","overlay-type":"","overlay-color":"","overlay-opacity":"","overlay-gradient":""},"tablet":{"background-color":"var(--ast-global-color-5)","background-image":"","background-repeat":"repeat","background-position":"center center","background-size":"auto","background-attachment":"scroll","background-type":"","background-media":"","overlay-type":"","overlay-color":"","overlay-opacity":"","overlay-gradient":""},"mobile":{"background-color":"var(--ast-global-color-5)","background-image":"","background-repeat":"repeat","background-position":"center center","background-size":"auto","background-attachment":"scroll","background-type":"","background-media":"","overlay-type":"","overlay-color":"","overlay-opacity":"","overlay-gradient":""}},"_joinchat":[]},"product_brand":[],"product_cat":[23],"product_tag":[],"class_list":{"0":"post-237","1":"product","2":"type-product","3":"status-publish","4":"has-post-thumbnail","6":"product_cat-juguetes","7":"desktop-align-left","8":"tablet-align-left","9":"mobile-align-left","11":"first","12":"instock","13":"sale","14":"taxable","15":"shipping-taxable","16":"purchasable","17":"product-type-simple"},"uagb_featured_image_src":{"full":["https:\/\/tiendachilevip.com\/wp-content\/uploads\/2022\/12\/3.png",822,697,false],"thumbnail":["https:\/\/tiendachilevip.com\/wp-content\/uploads\/2022\/12\/3-150x150.png",150,150,true],"medium":["https:\/\/tiendachilevip.com\/wp-content\/uploads\/2022\/12\/3-300x254.png",300,254,true],"medium_large":["https:\/\/tiendachilevip.com\/wp-content\/uploads\/2022\/12\/3-768x651.png",768,651,true],"large":["https:\/\/tiendachilevip.com\/wp-content\/uploads\/2022\/12\/3.png",822,697,false],"1536x1536":["https:\/\/tiendachilevip.com\/wp-content\/uploads\/2022\/12\/3.png",822,697,false],"2048x2048":["https:\/\/tiendachilevip.com\/wp-content\/uploads\/2022\/12\/3.png",822,697,false],"woocommerce_thumbnail":["https:\/\/tiendachilevip.com\/wp-content\/uploads\/2022\/12\/3-300x300.png",300,300,true],"woocommerce_single":["https:\/\/tiendachilevip.com\/wp-content\/uploads\/2022\/12\/3-600x509.png",600,509,true],"woocommerce_gallery_thumbnail":["https:\/\/tiendachilevip.com\/wp-content\/uploads\/2022\/12\/3-100x100.png",100,100,true]},"uagb_author_info":{"display_name":"pablo lopez","author_link":"https:\/\/tiendachilevip.com\/?author=0"},"uagb_comment_info":3,"uagb_excerpt":"descripci\u00f3n: helic\u00f3ptero de 4 canales: funci\u00f3n de conversi\u00f3n de tim\u00f3n de tama\u00f1o de bajo voltaje. fly performance: los trabajos con funciones incluyen seguir adelante, hacia atr\u00e1s, girar a la izquierda y a la derecha, deslizando el cursor as\u00ed como la mosca lateral. ligero y resistente. Mando con pantalla lcd 1 bater\u00eda: viene con 1 bater\u00edas&hellip;","_links":{"self":[{"href":"https:\/\/tiendachilevip.com\/index.php?rest_route=\/wp\/v2\/product\/237","targetHints":{"allow":["GET"]}}],"collection":[{"href":"https:\/\/tiendachilevip.com\/index.php?rest_route=\/wp\/v2\/product"}],"about":[{"href":"https:\/\/tiendachilevip.com\/index.php?rest_route=\/wp\/v2\/types\/product"}],"replies":[{"embeddable":true,"href":"https:\/\/tiendachilevip.com\/index.php?rest_route=%2Fwp%2Fv2%2Fcomments&post=237"}],"wp:featuredmedia":[{"embeddable":true,"href":"https:\/\/tiendachilevip.com\/index.php?rest_route=\/wp\/v2\/media\/240"}],"wp:attachment":[{"href":"https:\/\/tiendachilevip.com\/index.php?rest_route=%2Fwp%2Fv2%2Fmedia&parent=237"}],"wp:term":[{"taxonomy":"product_brand","embeddable":true,"href":"https:\/\/tiendachilevip.com\/index.php?rest_route=%2Fwp%2Fv2%2Fproduct_brand&post=237"},{"taxonomy":"product_cat","embeddable":true,"href":"https:\/\/tiendachilevip.com\/index.php?rest_route=%2Fwp%2Fv2%2Fproduct_cat&post=237"},{"taxonomy":"product_tag","embeddable":true,"href":"https:\/\/tiendachilevip.com\/index.php?rest_route=%2Fwp%2Fv2%2Fproduct_tag&post=237"}],"curies":[{"name":"wp","href":"https:\/\/api.w.org\/{rel}","templated":true}]}}