{"id":1506,"date":"2023-05-25T22:28:15","date_gmt":"2023-05-26T02:28:15","guid":{"rendered":"https:\/\/tiendachilevip.com\/?post_type=product&#038;p=1506"},"modified":"2023-05-25T22:28:15","modified_gmt":"2023-05-26T02:28:15","slug":"sellador-de-bolsas-de-plastico","status":"publish","type":"product","link":"https:\/\/tiendachilevip.com\/?product=sellador-de-bolsas-de-plastico","title":{"rendered":"Sellador De bolsas De Pl\u00e1stico"},"content":{"rendered":"<p>Caracter\u00edsticas:<\/p>\n<p>Est\u00e1 hecho de material ABS de alta calidad, que es resistente a altas temperaturas y bajas temperaturas y duradero, y se puede utilizar durante mucho tiempo.<\/p>\n<p>Buen rendimiento de sellado, mantener efectivamente comestibles, papas fritas, dulces, bocadillos frescos y secos.<\/p>\n<p>F\u00e1cil de usar: solo presione 5 segundos antes de usar, abra la tapa Para precalentar la m\u00e1quina de sellado y luego deslice a lo largo del borde de la bolsa<\/p>\n<p>Este mini sellador de bolsas es peque\u00f1o en tama\u00f1o, ligero en peso y f\u00e1cil de llevar. Se puede poner en su bolso o bolsillo. Es adecuado para la familia, camping, viajes, etc.<\/p>\n<p>Explicar:<\/p>\n<p>Material: material ABS<\/p>\n<p>Tama\u00f1o: 14,4*3,5*4cm<\/p>\n<p>Bater\u00eda: 1,5 V, 2 pilas AA, pilas alcalinas solamente (no incluidas)<\/p>\n<p>Instrucciones de uso de la m\u00e1quina de sellado<\/p>\n<p>Despu\u00e9s de instalar la bater\u00eda, no se calentar\u00e1 autom\u00e1ticamente. S\u00f3lo se calienta cuando se presiona hacia abajo.<\/p>\n<p>1. 2. Instale la bater\u00eda seg\u00fan las instrucciones positivas y negativas del electrodo en la parte inferior de la ranura de la bater\u00eda del producto. Si la bater\u00eda se instala en la direcci\u00f3n opuesta, la m\u00e1quina de sellado no generar\u00e1 calor.<\/p>\n<p>Despu\u00e9s de instalar la bater\u00eda, contin\u00fae presionando 3-5 durante unos segundos para comenzar a calentar.<\/p>\n<p>Coloque la bolsa que necesita ser sellada en el medio. Las bolsas m\u00e1s delgadas se pueden tirar r\u00e1pidamente, mientras que las bolsas m\u00e1s gruesas se pueden tirar lentamente y de manera uniforme.<\/p>\n<p>Despu\u00e9s de su uso, no hay necesidad de quitar la bater\u00eda, s\u00f3lo clip el gancho en el sello.<\/p>\n<p>NOT\u00d3:<\/p>\n<p>Este producto no incluye bater\u00edas<\/p>\n<p>El tama\u00f1o se mide manualmente, y puede haber un error de 1-3cm. Por favor perd\u00f3name<\/p>\n<p>No presione con fuerza al sellar, de lo contrario puede causar la deformaci\u00f3n de la placa de contacto de metal y no generar calor. La bolsa que debe sellarse debe mantenerse limpia y libre de manchas como agua y aceite.<\/p>\n<p>El color puede causar errores debido a diversos factores como la luz, la pantalla, etc. Pedimos disculpas por las molestias<\/p>\n<p>No hay bater\u00edas disponibles para este producto. Se requieren bater\u00edas propias del comprador.<\/p>\n","protected":false},"excerpt":{"rendered":"<p>Caracter\u00edsticas: Est\u00e1 hecho de material ABS de alta calidad, que es resistente a altas temperaturas y bajas temperaturas y duradero, y se puede utilizar durante mucho tiempo. Buen rendimiento de sellado, mantener efectivamente comestibles, papas fritas, dulces, bocadillos frescos y secos. F\u00e1cil de usar: solo presione 5 segundos antes de usar, abra la tapa Para [&hellip;]<\/p>\n","protected":false},"featured_media":1507,"comment_status":"open","ping_status":"closed","template":"","meta":{"_uag_custom_page_level_css":"","site-sidebar-layout":"default","site-content-layout":"","ast-site-content-layout":"default","site-content-style":"default","site-sidebar-style":"default","ast-global-header-display":"","ast-banner-title-visibility":"","ast-main-header-display":"","ast-hfb-above-header-display":"","ast-hfb-below-header-display":"","ast-hfb-mobile-header-display":"","site-post-title":"","ast-breadcrumbs-content":"","ast-featured-img":"","footer-sml-layout":"","ast-disable-related-posts":"","theme-transparent-header-meta":"","adv-header-id-meta":"","stick-header-meta":"","header-above-stick-meta":"","header-main-stick-meta":"","header-below-stick-meta":"","astra-migrate-meta-layouts":"default","ast-page-background-enabled":"default","ast-page-background-meta":{"desktop":{"background-color":"","background-image":"","background-repeat":"repeat","background-position":"center center","background-size":"auto","background-attachment":"scroll","background-type":"","background-media":"","overlay-type":"","overlay-color":"","overlay-opacity":"","overlay-gradient":""},"tablet":{"background-color":"","background-image":"","background-repeat":"repeat","background-position":"center center","background-size":"auto","background-attachment":"scroll","background-type":"","background-media":"","overlay-type":"","overlay-color":"","overlay-opacity":"","overlay-gradient":""},"mobile":{"background-color":"","background-image":"","background-repeat":"repeat","background-position":"center center","background-size":"auto","background-attachment":"scroll","background-type":"","background-media":"","overlay-type":"","overlay-color":"","overlay-opacity":"","overlay-gradient":""}},"ast-content-background-meta":{"desktop":{"background-color":"var(--ast-global-color-5)","background-image":"","background-repeat":"repeat","background-position":"center center","background-size":"auto","background-attachment":"scroll","background-type":"","background-media":"","overlay-type":"","overlay-color":"","overlay-opacity":"","overlay-gradient":""},"tablet":{"background-color":"var(--ast-global-color-5)","background-image":"","background-repeat":"repeat","background-position":"center center","background-size":"auto","background-attachment":"scroll","background-type":"","background-media":"","overlay-type":"","overlay-color":"","overlay-opacity":"","overlay-gradient":""},"mobile":{"background-color":"var(--ast-global-color-5)","background-image":"","background-repeat":"repeat","background-position":"center center","background-size":"auto","background-attachment":"scroll","background-type":"","background-media":"","overlay-type":"","overlay-color":"","overlay-opacity":"","overlay-gradient":""}},"_joinchat":[]},"product_brand":[],"product_cat":[26],"product_tag":[],"class_list":{"0":"post-1506","1":"product","2":"type-product","3":"status-publish","4":"has-post-thumbnail","6":"product_cat-herramientas","7":"desktop-align-left","8":"tablet-align-left","9":"mobile-align-left","11":"first","12":"instock","13":"sale","14":"taxable","15":"shipping-taxable","16":"purchasable","17":"product-type-simple"},"uagb_featured_image_src":{"full":["https:\/\/tiendachilevip.com\/wp-content\/uploads\/2023\/05\/1-40.png",750,990,false],"thumbnail":["https:\/\/tiendachilevip.com\/wp-content\/uploads\/2023\/05\/1-40-150x150.png",150,150,true],"medium":["https:\/\/tiendachilevip.com\/wp-content\/uploads\/2023\/05\/1-40-227x300.png",227,300,true],"medium_large":["https:\/\/tiendachilevip.com\/wp-content\/uploads\/2023\/05\/1-40.png",750,990,false],"large":["https:\/\/tiendachilevip.com\/wp-content\/uploads\/2023\/05\/1-40.png",750,990,false],"1536x1536":["https:\/\/tiendachilevip.com\/wp-content\/uploads\/2023\/05\/1-40.png",750,990,false],"2048x2048":["https:\/\/tiendachilevip.com\/wp-content\/uploads\/2023\/05\/1-40.png",750,990,false],"woocommerce_thumbnail":["https:\/\/tiendachilevip.com\/wp-content\/uploads\/2023\/05\/1-40-300x300.png",300,300,true],"woocommerce_single":["https:\/\/tiendachilevip.com\/wp-content\/uploads\/2023\/05\/1-40-600x792.png",600,792,true],"woocommerce_gallery_thumbnail":["https:\/\/tiendachilevip.com\/wp-content\/uploads\/2023\/05\/1-40-100x100.png",100,100,true]},"uagb_author_info":{"display_name":"pablo lopez","author_link":"https:\/\/tiendachilevip.com\/?author=0"},"uagb_comment_info":0,"uagb_excerpt":"Caracter\u00edsticas: Est\u00e1 hecho de material ABS de alta calidad, que es resistente a altas temperaturas y bajas temperaturas y duradero, y se puede utilizar durante mucho tiempo. Buen rendimiento de sellado, mantener efectivamente comestibles, papas fritas, dulces, bocadillos frescos y secos. F\u00e1cil de usar: solo presione 5 segundos antes de usar, abra la tapa Para&hellip;","_links":{"self":[{"href":"https:\/\/tiendachilevip.com\/index.php?rest_route=\/wp\/v2\/product\/1506","targetHints":{"allow":["GET"]}}],"collection":[{"href":"https:\/\/tiendachilevip.com\/index.php?rest_route=\/wp\/v2\/product"}],"about":[{"href":"https:\/\/tiendachilevip.com\/index.php?rest_route=\/wp\/v2\/types\/product"}],"replies":[{"embeddable":true,"href":"https:\/\/tiendachilevip.com\/index.php?rest_route=%2Fwp%2Fv2%2Fcomments&post=1506"}],"wp:featuredmedia":[{"embeddable":true,"href":"https:\/\/tiendachilevip.com\/index.php?rest_route=\/wp\/v2\/media\/1507"}],"wp:attachment":[{"href":"https:\/\/tiendachilevip.com\/index.php?rest_route=%2Fwp%2Fv2%2Fmedia&parent=1506"}],"wp:term":[{"taxonomy":"product_brand","embeddable":true,"href":"https:\/\/tiendachilevip.com\/index.php?rest_route=%2Fwp%2Fv2%2Fproduct_brand&post=1506"},{"taxonomy":"product_cat","embeddable":true,"href":"https:\/\/tiendachilevip.com\/index.php?rest_route=%2Fwp%2Fv2%2Fproduct_cat&post=1506"},{"taxonomy":"product_tag","embeddable":true,"href":"https:\/\/tiendachilevip.com\/index.php?rest_route=%2Fwp%2Fv2%2Fproduct_tag&post=1506"}],"curies":[{"name":"wp","href":"https:\/\/api.w.org\/{rel}","templated":true}]}}