{"id":1482,"date":"2023-05-22T20:42:07","date_gmt":"2023-05-23T00:42:07","guid":{"rendered":"https:\/\/tiendachilevip.com\/?post_type=product&#038;p=1482"},"modified":"2023-05-22T20:42:08","modified_gmt":"2023-05-23T00:42:08","slug":"rodillera-de-gimnasia","status":"publish","type":"product","link":"https:\/\/tiendachilevip.com\/?product=rodillera-de-gimnasia","title":{"rendered":"Rodillera De Gimnasia"},"content":{"rendered":"<p>Descompresi\u00f3n equilibrada, tejido compacto, el\u00e1stico cerca del cuerpo.<br \/>\nRodillera de ejercicio de 360 grados, presi\u00f3n el\u00e1stica, rodilla, cuatro estaciones universales.<br \/>\nCon mezclador de filamentos de nailon y l\u00e1tex, tiene ambas caracter\u00edsticas. Tiene buena dureza, buena resistencia al desgaste, alta resistencia a la tracci\u00f3n y rendimiento de recuperaci\u00f3n r\u00e1pida.<br \/>\nCon dise\u00f1o el\u00e1stico, la elasticidad de tensi\u00f3n no se deforma, adecuada para la elasticidad, no es f\u00e1cil de deslizar, ajuste c\u00f3modo.<br \/>\nLa boca de la rodillera est\u00e1 dise\u00f1ada con silicona antideslizante, que es corrugada y humanizada. Hace que sea dif\u00edcil que las personas resbalen y se caigan incluso al correr.<br \/>\nUse ajuste curvo, disfrute c\u00f3modo caminando y haciendo deporte.<br \/>\nTecnolog\u00eda de tejido de formaci\u00f3n integral, cerca de las articulaciones y los m\u00fasculos, fortalece y aprieta, protege las partes de las articulaciones.<\/p>\n<p>Especificaci\u00f3n:<br \/>\nPeso neto: 60g<br \/>\nColor: Negro<br \/>\nTextura del material:Nylon-Filamento de l\u00e1tex<\/p>\n<p>Paquete incluido:<br \/>\n1 * Rodillera<\/p>\n<p>Especificaciones:<br \/>\nLa boca de la rodillera est\u00e1 dise\u00f1ada con silicona antideslizante, que es corrugada y humanizada. Hace que sea dif\u00edcil que las personas resbalen y se caigan incluso al correr.<br \/>\nEl borde del protector de tobillo adopta la tecnolog\u00eda del borde de bloqueo, que no es f\u00e1cil de enrollar, no es f\u00e1cil de deslizar y es m\u00e1s c\u00f3modo de usar.<br \/>\nCon tejido el\u00e1stico tridimensional, la tira antideslizante de silicona ondulada protege su menisco y brinda un soporte completo y poderoso a su rodilla, para que cada aterrizaje de su rodilla ya no sea preocupante.<br \/>\nCorrer, ciclismo, baloncesto y fitness casi todos requieren la participaci\u00f3n de la rodilla, que es el peso corporal en el ejercicio, para que podamos correr de manera flexible.<br \/>\nLa rodilla juega un papel importante en los deportes. Si se descuida, causar\u00e1 lesiones en la articulaci\u00f3n de la rodilla y congesti\u00f3n de la almohadilla de grasa, que puede empeorar cada vez m\u00e1s. Por lo tanto, la protecci\u00f3n articular es particularmente importante.<br \/>\nTrenzado tridimensional, cerca del grueso, prevenci\u00f3n efectiva de lesiones en las piernas, ejercicio m\u00e1s saludable.<\/p>\n","protected":false},"excerpt":{"rendered":"<p>Descompresi\u00f3n equilibrada, tejido compacto, el\u00e1stico cerca del cuerpo. Rodillera de ejercicio de 360 grados, presi\u00f3n el\u00e1stica, rodilla, cuatro estaciones universales. Con mezclador de filamentos de nailon y l\u00e1tex, tiene ambas caracter\u00edsticas. Tiene buena dureza, buena resistencia al desgaste, alta resistencia a la tracci\u00f3n y rendimiento de recuperaci\u00f3n r\u00e1pida. Con dise\u00f1o el\u00e1stico, la elasticidad de tensi\u00f3n [&hellip;]<\/p>\n","protected":false},"featured_media":1485,"comment_status":"open","ping_status":"closed","template":"","meta":{"_uag_custom_page_level_css":"","site-sidebar-layout":"default","site-content-layout":"","ast-site-content-layout":"default","site-content-style":"default","site-sidebar-style":"default","ast-global-header-display":"","ast-banner-title-visibility":"","ast-main-header-display":"","ast-hfb-above-header-display":"","ast-hfb-below-header-display":"","ast-hfb-mobile-header-display":"","site-post-title":"","ast-breadcrumbs-content":"","ast-featured-img":"","footer-sml-layout":"","ast-disable-related-posts":"","theme-transparent-header-meta":"","adv-header-id-meta":"","stick-header-meta":"","header-above-stick-meta":"","header-main-stick-meta":"","header-below-stick-meta":"","astra-migrate-meta-layouts":"default","ast-page-background-enabled":"default","ast-page-background-meta":{"desktop":{"background-color":"","background-image":"","background-repeat":"repeat","background-position":"center center","background-size":"auto","background-attachment":"scroll","background-type":"","background-media":"","overlay-type":"","overlay-color":"","overlay-opacity":"","overlay-gradient":""},"tablet":{"background-color":"","background-image":"","background-repeat":"repeat","background-position":"center center","background-size":"auto","background-attachment":"scroll","background-type":"","background-media":"","overlay-type":"","overlay-color":"","overlay-opacity":"","overlay-gradient":""},"mobile":{"background-color":"","background-image":"","background-repeat":"repeat","background-position":"center center","background-size":"auto","background-attachment":"scroll","background-type":"","background-media":"","overlay-type":"","overlay-color":"","overlay-opacity":"","overlay-gradient":""}},"ast-content-background-meta":{"desktop":{"background-color":"var(--ast-global-color-5)","background-image":"","background-repeat":"repeat","background-position":"center center","background-size":"auto","background-attachment":"scroll","background-type":"","background-media":"","overlay-type":"","overlay-color":"","overlay-opacity":"","overlay-gradient":""},"tablet":{"background-color":"var(--ast-global-color-5)","background-image":"","background-repeat":"repeat","background-position":"center center","background-size":"auto","background-attachment":"scroll","background-type":"","background-media":"","overlay-type":"","overlay-color":"","overlay-opacity":"","overlay-gradient":""},"mobile":{"background-color":"var(--ast-global-color-5)","background-image":"","background-repeat":"repeat","background-position":"center center","background-size":"auto","background-attachment":"scroll","background-type":"","background-media":"","overlay-type":"","overlay-color":"","overlay-opacity":"","overlay-gradient":""}},"_joinchat":[]},"product_brand":[],"product_cat":[55],"product_tag":[62,61,60],"class_list":{"0":"post-1482","1":"product","2":"type-product","3":"status-publish","4":"has-post-thumbnail","6":"product_cat-deporte","7":"product_tag-deportes","8":"product_tag-gym","9":"product_tag-rodeillera","10":"desktop-align-left","11":"tablet-align-left","12":"mobile-align-left","14":"first","15":"instock","16":"sale","17":"taxable","18":"shipping-taxable","19":"purchasable","20":"product-type-simple"},"uagb_featured_image_src":{"full":["https:\/\/tiendachilevip.com\/wp-content\/uploads\/2023\/05\/3-37.png",800,800,false],"thumbnail":["https:\/\/tiendachilevip.com\/wp-content\/uploads\/2023\/05\/3-37-150x150.png",150,150,true],"medium":["https:\/\/tiendachilevip.com\/wp-content\/uploads\/2023\/05\/3-37-300x300.png",300,300,true],"medium_large":["https:\/\/tiendachilevip.com\/wp-content\/uploads\/2023\/05\/3-37-768x768.png",768,768,true],"large":["https:\/\/tiendachilevip.com\/wp-content\/uploads\/2023\/05\/3-37.png",800,800,false],"1536x1536":["https:\/\/tiendachilevip.com\/wp-content\/uploads\/2023\/05\/3-37.png",800,800,false],"2048x2048":["https:\/\/tiendachilevip.com\/wp-content\/uploads\/2023\/05\/3-37.png",800,800,false],"woocommerce_thumbnail":["https:\/\/tiendachilevip.com\/wp-content\/uploads\/2023\/05\/3-37-300x300.png",300,300,true],"woocommerce_single":["https:\/\/tiendachilevip.com\/wp-content\/uploads\/2023\/05\/3-37-600x600.png",600,600,true],"woocommerce_gallery_thumbnail":["https:\/\/tiendachilevip.com\/wp-content\/uploads\/2023\/05\/3-37-100x100.png",100,100,true]},"uagb_author_info":{"display_name":"pablo lopez","author_link":"https:\/\/tiendachilevip.com\/?author=0"},"uagb_comment_info":0,"uagb_excerpt":"Descompresi\u00f3n equilibrada, tejido compacto, el\u00e1stico cerca del cuerpo. Rodillera de ejercicio de 360 grados, presi\u00f3n el\u00e1stica, rodilla, cuatro estaciones universales. Con mezclador de filamentos de nailon y l\u00e1tex, tiene ambas caracter\u00edsticas. Tiene buena dureza, buena resistencia al desgaste, alta resistencia a la tracci\u00f3n y rendimiento de recuperaci\u00f3n r\u00e1pida. Con dise\u00f1o el\u00e1stico, la elasticidad de tensi\u00f3n&hellip;","_links":{"self":[{"href":"https:\/\/tiendachilevip.com\/index.php?rest_route=\/wp\/v2\/product\/1482","targetHints":{"allow":["GET"]}}],"collection":[{"href":"https:\/\/tiendachilevip.com\/index.php?rest_route=\/wp\/v2\/product"}],"about":[{"href":"https:\/\/tiendachilevip.com\/index.php?rest_route=\/wp\/v2\/types\/product"}],"replies":[{"embeddable":true,"href":"https:\/\/tiendachilevip.com\/index.php?rest_route=%2Fwp%2Fv2%2Fcomments&post=1482"}],"wp:featuredmedia":[{"embeddable":true,"href":"https:\/\/tiendachilevip.com\/index.php?rest_route=\/wp\/v2\/media\/1485"}],"wp:attachment":[{"href":"https:\/\/tiendachilevip.com\/index.php?rest_route=%2Fwp%2Fv2%2Fmedia&parent=1482"}],"wp:term":[{"taxonomy":"product_brand","embeddable":true,"href":"https:\/\/tiendachilevip.com\/index.php?rest_route=%2Fwp%2Fv2%2Fproduct_brand&post=1482"},{"taxonomy":"product_cat","embeddable":true,"href":"https:\/\/tiendachilevip.com\/index.php?rest_route=%2Fwp%2Fv2%2Fproduct_cat&post=1482"},{"taxonomy":"product_tag","embeddable":true,"href":"https:\/\/tiendachilevip.com\/index.php?rest_route=%2Fwp%2Fv2%2Fproduct_tag&post=1482"}],"curies":[{"name":"wp","href":"https:\/\/api.w.org\/{rel}","templated":true}]}}