{"id":1414,"date":"2023-05-07T12:54:20","date_gmt":"2023-05-07T16:54:20","guid":{"rendered":"https:\/\/tiendachilevip.com\/?post_type=product&#038;p=1414"},"modified":"2023-05-07T13:49:39","modified_gmt":"2023-05-07T17:49:39","slug":"pulverizador-para-botella","status":"publish","type":"product","link":"https:\/\/tiendachilevip.com\/?product=pulverizador-para-botella","title":{"rendered":"Pulverizador Para Botella"},"content":{"rendered":"<p>Par\u00e1metros del producto<\/p>\n<p>Nombre: rociador de botellas de bebidas<\/p>\n<p>Material: pl\u00e1stico<\/p>\n<p>Tipo: rociador\/botella pulverizadora<\/p>\n<p>Escenarios aplicables: riego de flores, riego, desinfecci\u00f3n<\/p>\n<p>Peso: 76g<\/p>\n<p>N\u00famero de art\u00edculo: C2305<\/p>\n<p>Tama\u00f1o: 29cm<\/p>\n<p>Bolsa de embalaje: OPP<\/p>\n<p>Nota: elija la botella de agua correcta despu\u00e9s de la compra<\/p>\n<p>C\u00f3mo usar<\/p>\n<p>1. Primero inserte el tubo de succi\u00f3n en el orificio<\/p>\n<p>2. Elija una botella adecuada, luego llene con 8 partes de agua y apriete la boquilla y la boca de la botella<\/p>\n<p>3. Presiona el aire hacia abajo unas diez veces<\/p>\n<p>4. Presione el interruptor y estar\u00e1 listo para usar<\/p>\n","protected":false},"excerpt":{"rendered":"<p>Par\u00e1metros del producto Nombre: rociador de botellas de bebidas Material: pl\u00e1stico Tipo: rociador\/botella pulverizadora Escenarios aplicables: riego de flores, riego, desinfecci\u00f3n Peso: 76g N\u00famero de art\u00edculo: C2305 Tama\u00f1o: 29cm Bolsa de embalaje: OPP Nota: elija la botella de agua correcta despu\u00e9s de la compra C\u00f3mo usar 1. Primero inserte el tubo de succi\u00f3n en el [&hellip;]<\/p>\n","protected":false},"featured_media":1422,"comment_status":"open","ping_status":"closed","template":"","meta":{"_uag_custom_page_level_css":"","site-sidebar-layout":"default","site-content-layout":"","ast-site-content-layout":"default","site-content-style":"default","site-sidebar-style":"default","ast-global-header-display":"","ast-banner-title-visibility":"","ast-main-header-display":"","ast-hfb-above-header-display":"","ast-hfb-below-header-display":"","ast-hfb-mobile-header-display":"","site-post-title":"","ast-breadcrumbs-content":"","ast-featured-img":"","footer-sml-layout":"","ast-disable-related-posts":"","theme-transparent-header-meta":"","adv-header-id-meta":"","stick-header-meta":"","header-above-stick-meta":"","header-main-stick-meta":"","header-below-stick-meta":"","astra-migrate-meta-layouts":"default","ast-page-background-enabled":"default","ast-page-background-meta":{"desktop":{"background-color":"","background-image":"","background-repeat":"repeat","background-position":"center center","background-size":"auto","background-attachment":"scroll","background-type":"","background-media":"","overlay-type":"","overlay-color":"","overlay-opacity":"","overlay-gradient":""},"tablet":{"background-color":"","background-image":"","background-repeat":"repeat","background-position":"center center","background-size":"auto","background-attachment":"scroll","background-type":"","background-media":"","overlay-type":"","overlay-color":"","overlay-opacity":"","overlay-gradient":""},"mobile":{"background-color":"","background-image":"","background-repeat":"repeat","background-position":"center center","background-size":"auto","background-attachment":"scroll","background-type":"","background-media":"","overlay-type":"","overlay-color":"","overlay-opacity":"","overlay-gradient":""}},"ast-content-background-meta":{"desktop":{"background-color":"var(--ast-global-color-5)","background-image":"","background-repeat":"repeat","background-position":"center center","background-size":"auto","background-attachment":"scroll","background-type":"","background-media":"","overlay-type":"","overlay-color":"","overlay-opacity":"","overlay-gradient":""},"tablet":{"background-color":"var(--ast-global-color-5)","background-image":"","background-repeat":"repeat","background-position":"center center","background-size":"auto","background-attachment":"scroll","background-type":"","background-media":"","overlay-type":"","overlay-color":"","overlay-opacity":"","overlay-gradient":""},"mobile":{"background-color":"var(--ast-global-color-5)","background-image":"","background-repeat":"repeat","background-position":"center center","background-size":"auto","background-attachment":"scroll","background-type":"","background-media":"","overlay-type":"","overlay-color":"","overlay-opacity":"","overlay-gradient":""}},"_joinchat":[]},"product_brand":[],"product_cat":[59],"product_tag":[],"class_list":{"0":"post-1414","1":"product","2":"type-product","3":"status-publish","4":"has-post-thumbnail","6":"product_cat-jardin","7":"desktop-align-left","8":"tablet-align-left","9":"mobile-align-left","11":"first","12":"instock","13":"sale","14":"taxable","15":"shipping-taxable","16":"purchasable","17":"product-type-simple"},"uagb_featured_image_src":{"full":["https:\/\/tiendachilevip.com\/wp-content\/uploads\/2023\/05\/2-30.png",750,1000,false],"thumbnail":["https:\/\/tiendachilevip.com\/wp-content\/uploads\/2023\/05\/2-30-150x150.png",150,150,true],"medium":["https:\/\/tiendachilevip.com\/wp-content\/uploads\/2023\/05\/2-30-225x300.png",225,300,true],"medium_large":["https:\/\/tiendachilevip.com\/wp-content\/uploads\/2023\/05\/2-30.png",750,1000,false],"large":["https:\/\/tiendachilevip.com\/wp-content\/uploads\/2023\/05\/2-30.png",750,1000,false],"1536x1536":["https:\/\/tiendachilevip.com\/wp-content\/uploads\/2023\/05\/2-30.png",750,1000,false],"2048x2048":["https:\/\/tiendachilevip.com\/wp-content\/uploads\/2023\/05\/2-30.png",750,1000,false],"woocommerce_thumbnail":["https:\/\/tiendachilevip.com\/wp-content\/uploads\/2023\/05\/2-30-300x300.png",300,300,true],"woocommerce_single":["https:\/\/tiendachilevip.com\/wp-content\/uploads\/2023\/05\/2-30-600x800.png",600,800,true],"woocommerce_gallery_thumbnail":["https:\/\/tiendachilevip.com\/wp-content\/uploads\/2023\/05\/2-30-100x100.png",100,100,true]},"uagb_author_info":{"display_name":"pablo lopez","author_link":"https:\/\/tiendachilevip.com\/?author=0"},"uagb_comment_info":0,"uagb_excerpt":"Par\u00e1metros del producto Nombre: rociador de botellas de bebidas Material: pl\u00e1stico Tipo: rociador\/botella pulverizadora Escenarios aplicables: riego de flores, riego, desinfecci\u00f3n Peso: 76g N\u00famero de art\u00edculo: C2305 Tama\u00f1o: 29cm Bolsa de embalaje: OPP Nota: elija la botella de agua correcta despu\u00e9s de la compra C\u00f3mo usar 1. Primero inserte el tubo de succi\u00f3n en el&hellip;","_links":{"self":[{"href":"https:\/\/tiendachilevip.com\/index.php?rest_route=\/wp\/v2\/product\/1414","targetHints":{"allow":["GET"]}}],"collection":[{"href":"https:\/\/tiendachilevip.com\/index.php?rest_route=\/wp\/v2\/product"}],"about":[{"href":"https:\/\/tiendachilevip.com\/index.php?rest_route=\/wp\/v2\/types\/product"}],"replies":[{"embeddable":true,"href":"https:\/\/tiendachilevip.com\/index.php?rest_route=%2Fwp%2Fv2%2Fcomments&post=1414"}],"wp:featuredmedia":[{"embeddable":true,"href":"https:\/\/tiendachilevip.com\/index.php?rest_route=\/wp\/v2\/media\/1422"}],"wp:attachment":[{"href":"https:\/\/tiendachilevip.com\/index.php?rest_route=%2Fwp%2Fv2%2Fmedia&parent=1414"}],"wp:term":[{"taxonomy":"product_brand","embeddable":true,"href":"https:\/\/tiendachilevip.com\/index.php?rest_route=%2Fwp%2Fv2%2Fproduct_brand&post=1414"},{"taxonomy":"product_cat","embeddable":true,"href":"https:\/\/tiendachilevip.com\/index.php?rest_route=%2Fwp%2Fv2%2Fproduct_cat&post=1414"},{"taxonomy":"product_tag","embeddable":true,"href":"https:\/\/tiendachilevip.com\/index.php?rest_route=%2Fwp%2Fv2%2Fproduct_tag&post=1414"}],"curies":[{"name":"wp","href":"https:\/\/api.w.org\/{rel}","templated":true}]}}