{"id":1360,"date":"2023-05-06T00:56:51","date_gmt":"2023-05-06T04:56:51","guid":{"rendered":"https:\/\/tiendachilevip.com\/?post_type=product&#038;p=1360"},"modified":"2023-05-06T01:01:37","modified_gmt":"2023-05-06T05:01:37","slug":"pinzas-antiestaticas","status":"publish","type":"product","link":"https:\/\/tiendachilevip.com\/?product=pinzas-antiestaticas","title":{"rendered":"Pinzas Antiest\u00e1ticas"},"content":{"rendered":"<p>Caracter\u00edsticas:<br \/>\nLas pinzas est\u00e1n hechas de acero anti\u00e1cido, resiste la corrosi\u00f3n, gran factor de resistencia, antiest\u00e1tico, buena elasticidad, antimagn\u00e9tico.<br \/>\nEs seguro recoger componentes electr\u00f3nicos.<br \/>\nAlta dureza y alta elasticidad, sujetando piezas peque\u00f1as, no se deforma f\u00e1cilmente.<br \/>\nAgarre f\u00e1cilmente objetos finos, buena textura, precisi\u00f3n de sujeci\u00f3n de 100 micrones.<br \/>\nLa cabeza de las pinzas con una cubierta, que no da\u00f1a las manos f\u00e1cilmente y es conveniente para el almacenamiento.<br \/>\nAplicaci\u00f3n: mantenimiento de circuitos integrados, mantenimiento de piezas de precisi\u00f3n, mantenimiento de accesorios para tel\u00e9fonos m\u00f3viles, mantenimiento de piezas de computadora, rizador de pesta\u00f1as.<\/p>\n<p>Especificaci\u00f3n del producto<br \/>\nLas pinzas est\u00e1n hechas de acero anti\u00e1cido, resiste la corrosi\u00f3n, gran factor de resistencia, antiest\u00e1tico, bueno.<br \/>\nMaterial: acero inoxidable<br \/>\nColor del acero: negro<br \/>\nCaracter\u00edsticas: elasticidad, antimagn\u00e9tico.<br \/>\nEs seguro recoger componentes electr\u00f3nicos<br \/>\nTipo: ESD10, ESD11, ESD12, ESD13, ESD14, ESD15<br \/>\nCantidad: 1 Juego de 6 piezas)<\/p>\n<p>El paquete incluye:<br \/>\n6 piezas setweezers<\/p>\n","protected":false},"excerpt":{"rendered":"<p>Caracter\u00edsticas: Las pinzas est\u00e1n hechas de acero anti\u00e1cido, resiste la corrosi\u00f3n, gran factor de resistencia, antiest\u00e1tico, buena elasticidad, antimagn\u00e9tico. Es seguro recoger componentes electr\u00f3nicos. Alta dureza y alta elasticidad, sujetando piezas peque\u00f1as, no se deforma f\u00e1cilmente. Agarre f\u00e1cilmente objetos finos, buena textura, precisi\u00f3n de sujeci\u00f3n de 100 micrones. La cabeza de las pinzas con una [&hellip;]<\/p>\n","protected":false},"featured_media":1363,"comment_status":"open","ping_status":"closed","template":"","meta":{"_uag_custom_page_level_css":"","site-sidebar-layout":"default","site-content-layout":"","ast-site-content-layout":"default","site-content-style":"default","site-sidebar-style":"default","ast-global-header-display":"","ast-banner-title-visibility":"","ast-main-header-display":"","ast-hfb-above-header-display":"","ast-hfb-below-header-display":"","ast-hfb-mobile-header-display":"","site-post-title":"","ast-breadcrumbs-content":"","ast-featured-img":"","footer-sml-layout":"","ast-disable-related-posts":"","theme-transparent-header-meta":"","adv-header-id-meta":"","stick-header-meta":"","header-above-stick-meta":"","header-main-stick-meta":"","header-below-stick-meta":"","astra-migrate-meta-layouts":"default","ast-page-background-enabled":"default","ast-page-background-meta":{"desktop":{"background-color":"","background-image":"","background-repeat":"repeat","background-position":"center center","background-size":"auto","background-attachment":"scroll","background-type":"","background-media":"","overlay-type":"","overlay-color":"","overlay-opacity":"","overlay-gradient":""},"tablet":{"background-color":"","background-image":"","background-repeat":"repeat","background-position":"center center","background-size":"auto","background-attachment":"scroll","background-type":"","background-media":"","overlay-type":"","overlay-color":"","overlay-opacity":"","overlay-gradient":""},"mobile":{"background-color":"","background-image":"","background-repeat":"repeat","background-position":"center center","background-size":"auto","background-attachment":"scroll","background-type":"","background-media":"","overlay-type":"","overlay-color":"","overlay-opacity":"","overlay-gradient":""}},"ast-content-background-meta":{"desktop":{"background-color":"var(--ast-global-color-5)","background-image":"","background-repeat":"repeat","background-position":"center center","background-size":"auto","background-attachment":"scroll","background-type":"","background-media":"","overlay-type":"","overlay-color":"","overlay-opacity":"","overlay-gradient":""},"tablet":{"background-color":"var(--ast-global-color-5)","background-image":"","background-repeat":"repeat","background-position":"center center","background-size":"auto","background-attachment":"scroll","background-type":"","background-media":"","overlay-type":"","overlay-color":"","overlay-opacity":"","overlay-gradient":""},"mobile":{"background-color":"var(--ast-global-color-5)","background-image":"","background-repeat":"repeat","background-position":"center center","background-size":"auto","background-attachment":"scroll","background-type":"","background-media":"","overlay-type":"","overlay-color":"","overlay-opacity":"","overlay-gradient":""}},"_joinchat":[]},"product_brand":[],"product_cat":[26],"product_tag":[],"class_list":{"0":"post-1360","1":"product","2":"type-product","3":"status-publish","4":"has-post-thumbnail","6":"product_cat-herramientas","7":"desktop-align-left","8":"tablet-align-left","9":"mobile-align-left","11":"first","12":"instock","13":"sale","14":"taxable","15":"shipping-taxable","16":"purchasable","17":"product-type-simple"},"uagb_featured_image_src":{"full":["https:\/\/tiendachilevip.com\/wp-content\/uploads\/2023\/05\/3-25.png",1000,1000,false],"thumbnail":["https:\/\/tiendachilevip.com\/wp-content\/uploads\/2023\/05\/3-25-150x150.png",150,150,true],"medium":["https:\/\/tiendachilevip.com\/wp-content\/uploads\/2023\/05\/3-25-300x300.png",300,300,true],"medium_large":["https:\/\/tiendachilevip.com\/wp-content\/uploads\/2023\/05\/3-25-768x768.png",768,768,true],"large":["https:\/\/tiendachilevip.com\/wp-content\/uploads\/2023\/05\/3-25.png",1000,1000,false],"1536x1536":["https:\/\/tiendachilevip.com\/wp-content\/uploads\/2023\/05\/3-25.png",1000,1000,false],"2048x2048":["https:\/\/tiendachilevip.com\/wp-content\/uploads\/2023\/05\/3-25.png",1000,1000,false],"woocommerce_thumbnail":["https:\/\/tiendachilevip.com\/wp-content\/uploads\/2023\/05\/3-25-300x300.png",300,300,true],"woocommerce_single":["https:\/\/tiendachilevip.com\/wp-content\/uploads\/2023\/05\/3-25-600x600.png",600,600,true],"woocommerce_gallery_thumbnail":["https:\/\/tiendachilevip.com\/wp-content\/uploads\/2023\/05\/3-25-100x100.png",100,100,true]},"uagb_author_info":{"display_name":"pablo lopez","author_link":"https:\/\/tiendachilevip.com\/?author=0"},"uagb_comment_info":0,"uagb_excerpt":"Caracter\u00edsticas: Las pinzas est\u00e1n hechas de acero anti\u00e1cido, resiste la corrosi\u00f3n, gran factor de resistencia, antiest\u00e1tico, buena elasticidad, antimagn\u00e9tico. Es seguro recoger componentes electr\u00f3nicos. Alta dureza y alta elasticidad, sujetando piezas peque\u00f1as, no se deforma f\u00e1cilmente. Agarre f\u00e1cilmente objetos finos, buena textura, precisi\u00f3n de sujeci\u00f3n de 100 micrones. La cabeza de las pinzas con una&hellip;","_links":{"self":[{"href":"https:\/\/tiendachilevip.com\/index.php?rest_route=\/wp\/v2\/product\/1360","targetHints":{"allow":["GET"]}}],"collection":[{"href":"https:\/\/tiendachilevip.com\/index.php?rest_route=\/wp\/v2\/product"}],"about":[{"href":"https:\/\/tiendachilevip.com\/index.php?rest_route=\/wp\/v2\/types\/product"}],"replies":[{"embeddable":true,"href":"https:\/\/tiendachilevip.com\/index.php?rest_route=%2Fwp%2Fv2%2Fcomments&post=1360"}],"wp:featuredmedia":[{"embeddable":true,"href":"https:\/\/tiendachilevip.com\/index.php?rest_route=\/wp\/v2\/media\/1363"}],"wp:attachment":[{"href":"https:\/\/tiendachilevip.com\/index.php?rest_route=%2Fwp%2Fv2%2Fmedia&parent=1360"}],"wp:term":[{"taxonomy":"product_brand","embeddable":true,"href":"https:\/\/tiendachilevip.com\/index.php?rest_route=%2Fwp%2Fv2%2Fproduct_brand&post=1360"},{"taxonomy":"product_cat","embeddable":true,"href":"https:\/\/tiendachilevip.com\/index.php?rest_route=%2Fwp%2Fv2%2Fproduct_cat&post=1360"},{"taxonomy":"product_tag","embeddable":true,"href":"https:\/\/tiendachilevip.com\/index.php?rest_route=%2Fwp%2Fv2%2Fproduct_tag&post=1360"}],"curies":[{"name":"wp","href":"https:\/\/api.w.org\/{rel}","templated":true}]}}