{"id":1303,"date":"2023-05-05T01:45:03","date_gmt":"2023-05-05T05:45:03","guid":{"rendered":"https:\/\/tiendachilevip.com\/?post_type=product&#038;p=1303"},"modified":"2023-05-05T03:52:26","modified_gmt":"2023-05-05T07:52:26","slug":"parlante-lenovo-k3-pro","status":"publish","type":"product","link":"https:\/\/tiendachilevip.com\/?product=parlante-lenovo-k3-pro","title":{"rendered":"Parlante Lenovo K3 Pro"},"content":{"rendered":"<p>1. Descripci\u00f3n:<br \/>\nLenovo-altavoz inal\u00e1mbrico Thinkplus K3 Pro, reproductor de m\u00fasica est\u00e9reo BT 5,0, con micr\u00f3fono, llamadas HD, sonido est\u00e9reo de graves profundos, altavoz de larga duraci\u00f3n de 1200mAh<\/p>\n<p>2. Caracter\u00edsticas:<br \/>\nConexi\u00f3n BT 5,0, amplia compatibilidad y transmisi\u00f3n estable.<br \/>\nMicr\u00f3fono integrado, admite llamadas de alta definici\u00f3n.<br \/>\nSonido HIFIsurround y potente efecto de sonido de graves.<br \/>\nViene con una bater\u00eda integrada de 1200mAh para un uso conveniente.<br \/>\nEl mini altavoz port\u00e1til tiene un tama\u00f1o compacto y un peso ligero.<\/p>\n<p>3. Lista de paquetes:<br \/>\n1 * altavoz inal\u00e1mbrico<br \/>\n1 * Cable de carga<br \/>\n1 * Manual de usuario (CN)<\/p>\n","protected":false},"excerpt":{"rendered":"<p>1. Descripci\u00f3n: Lenovo-altavoz inal\u00e1mbrico Thinkplus K3 Pro, reproductor de m\u00fasica est\u00e9reo BT 5,0, con micr\u00f3fono, llamadas HD, sonido est\u00e9reo de graves profundos, altavoz de larga duraci\u00f3n de 1200mAh 2. Caracter\u00edsticas: Conexi\u00f3n BT 5,0, amplia compatibilidad y transmisi\u00f3n estable. Micr\u00f3fono integrado, admite llamadas de alta definici\u00f3n. Sonido HIFIsurround y potente efecto de sonido de graves. Viene [&hellip;]<\/p>\n","protected":false},"featured_media":1312,"comment_status":"open","ping_status":"closed","template":"","meta":{"_uag_custom_page_level_css":"","site-sidebar-layout":"default","site-content-layout":"","ast-site-content-layout":"default","site-content-style":"default","site-sidebar-style":"default","ast-global-header-display":"","ast-banner-title-visibility":"","ast-main-header-display":"","ast-hfb-above-header-display":"","ast-hfb-below-header-display":"","ast-hfb-mobile-header-display":"","site-post-title":"","ast-breadcrumbs-content":"","ast-featured-img":"","footer-sml-layout":"","ast-disable-related-posts":"","theme-transparent-header-meta":"","adv-header-id-meta":"","stick-header-meta":"","header-above-stick-meta":"","header-main-stick-meta":"","header-below-stick-meta":"","astra-migrate-meta-layouts":"default","ast-page-background-enabled":"default","ast-page-background-meta":{"desktop":{"background-color":"","background-image":"","background-repeat":"repeat","background-position":"center center","background-size":"auto","background-attachment":"scroll","background-type":"","background-media":"","overlay-type":"","overlay-color":"","overlay-opacity":"","overlay-gradient":""},"tablet":{"background-color":"","background-image":"","background-repeat":"repeat","background-position":"center center","background-size":"auto","background-attachment":"scroll","background-type":"","background-media":"","overlay-type":"","overlay-color":"","overlay-opacity":"","overlay-gradient":""},"mobile":{"background-color":"","background-image":"","background-repeat":"repeat","background-position":"center center","background-size":"auto","background-attachment":"scroll","background-type":"","background-media":"","overlay-type":"","overlay-color":"","overlay-opacity":"","overlay-gradient":""}},"ast-content-background-meta":{"desktop":{"background-color":"var(--ast-global-color-5)","background-image":"","background-repeat":"repeat","background-position":"center center","background-size":"auto","background-attachment":"scroll","background-type":"","background-media":"","overlay-type":"","overlay-color":"","overlay-opacity":"","overlay-gradient":""},"tablet":{"background-color":"var(--ast-global-color-5)","background-image":"","background-repeat":"repeat","background-position":"center center","background-size":"auto","background-attachment":"scroll","background-type":"","background-media":"","overlay-type":"","overlay-color":"","overlay-opacity":"","overlay-gradient":""},"mobile":{"background-color":"var(--ast-global-color-5)","background-image":"","background-repeat":"repeat","background-position":"center center","background-size":"auto","background-attachment":"scroll","background-type":"","background-media":"","overlay-type":"","overlay-color":"","overlay-opacity":"","overlay-gradient":""}},"_joinchat":[]},"product_brand":[],"product_cat":[24,27],"product_tag":[57,56],"class_list":{"0":"post-1303","1":"product","2":"type-product","3":"status-publish","4":"has-post-thumbnail","6":"product_cat-electronica","7":"product_cat-musica","8":"product_tag-k3-pro","9":"product_tag-lenovo","10":"desktop-align-left","11":"tablet-align-left","12":"mobile-align-left","14":"first","15":"instock","16":"sale","17":"taxable","18":"shipping-taxable","19":"purchasable","20":"product-type-simple"},"uagb_featured_image_src":{"full":["https:\/\/tiendachilevip.com\/wp-content\/uploads\/2023\/05\/9-6.png",790,1409,false],"thumbnail":["https:\/\/tiendachilevip.com\/wp-content\/uploads\/2023\/05\/9-6-150x150.png",150,150,true],"medium":["https:\/\/tiendachilevip.com\/wp-content\/uploads\/2023\/05\/9-6-168x300.png",168,300,true],"medium_large":["https:\/\/tiendachilevip.com\/wp-content\/uploads\/2023\/05\/9-6-768x1370.png",768,1370,true],"large":["https:\/\/tiendachilevip.com\/wp-content\/uploads\/2023\/05\/9-6-574x1024.png",574,1024,true],"1536x1536":["https:\/\/tiendachilevip.com\/wp-content\/uploads\/2023\/05\/9-6.png",790,1409,false],"2048x2048":["https:\/\/tiendachilevip.com\/wp-content\/uploads\/2023\/05\/9-6.png",790,1409,false],"woocommerce_thumbnail":["https:\/\/tiendachilevip.com\/wp-content\/uploads\/2023\/05\/9-6-300x300.png",300,300,true],"woocommerce_single":["https:\/\/tiendachilevip.com\/wp-content\/uploads\/2023\/05\/9-6-600x1070.png",600,1070,true],"woocommerce_gallery_thumbnail":["https:\/\/tiendachilevip.com\/wp-content\/uploads\/2023\/05\/9-6-100x100.png",100,100,true]},"uagb_author_info":{"display_name":"pablo lopez","author_link":"https:\/\/tiendachilevip.com\/?author=0"},"uagb_comment_info":0,"uagb_excerpt":"1. Descripci\u00f3n: Lenovo-altavoz inal\u00e1mbrico Thinkplus K3 Pro, reproductor de m\u00fasica est\u00e9reo BT 5,0, con micr\u00f3fono, llamadas HD, sonido est\u00e9reo de graves profundos, altavoz de larga duraci\u00f3n de 1200mAh 2. Caracter\u00edsticas: Conexi\u00f3n BT 5,0, amplia compatibilidad y transmisi\u00f3n estable. Micr\u00f3fono integrado, admite llamadas de alta definici\u00f3n. Sonido HIFIsurround y potente efecto de sonido de graves. Viene&hellip;","_links":{"self":[{"href":"https:\/\/tiendachilevip.com\/index.php?rest_route=\/wp\/v2\/product\/1303","targetHints":{"allow":["GET"]}}],"collection":[{"href":"https:\/\/tiendachilevip.com\/index.php?rest_route=\/wp\/v2\/product"}],"about":[{"href":"https:\/\/tiendachilevip.com\/index.php?rest_route=\/wp\/v2\/types\/product"}],"replies":[{"embeddable":true,"href":"https:\/\/tiendachilevip.com\/index.php?rest_route=%2Fwp%2Fv2%2Fcomments&post=1303"}],"wp:featuredmedia":[{"embeddable":true,"href":"https:\/\/tiendachilevip.com\/index.php?rest_route=\/wp\/v2\/media\/1312"}],"wp:attachment":[{"href":"https:\/\/tiendachilevip.com\/index.php?rest_route=%2Fwp%2Fv2%2Fmedia&parent=1303"}],"wp:term":[{"taxonomy":"product_brand","embeddable":true,"href":"https:\/\/tiendachilevip.com\/index.php?rest_route=%2Fwp%2Fv2%2Fproduct_brand&post=1303"},{"taxonomy":"product_cat","embeddable":true,"href":"https:\/\/tiendachilevip.com\/index.php?rest_route=%2Fwp%2Fv2%2Fproduct_cat&post=1303"},{"taxonomy":"product_tag","embeddable":true,"href":"https:\/\/tiendachilevip.com\/index.php?rest_route=%2Fwp%2Fv2%2Fproduct_tag&post=1303"}],"curies":[{"name":"wp","href":"https:\/\/api.w.org\/{rel}","templated":true}]}}