{"id":1293,"date":"2023-05-05T01:02:14","date_gmt":"2023-05-05T05:02:14","guid":{"rendered":"https:\/\/tiendachilevip.com\/?post_type=product&#038;p=1293"},"modified":"2023-05-05T01:44:36","modified_gmt":"2023-05-05T05:44:36","slug":"mini-destornilladores-electronica-fina","status":"publish","type":"product","link":"https:\/\/tiendachilevip.com\/?product=mini-destornilladores-electronica-fina","title":{"rendered":"Mini Destornilladores Electr\u00f3nica Fina"},"content":{"rendered":"<p>Mini destornillador de precisi\u00f3n 25 en 1, juego magn\u00e9tico, destornillador Torx electr\u00f3nico, Kit de herramientas de reparaci\u00f3n de apertura para iPhone, c\u00e1mara, reloj, PC<\/p>\n<p>Descripci\u00f3n:<\/p>\n<p>Embalaje Tipo cartera, ligero y port\u00e1til.<\/p>\n<p>Bayoneta de cabeza de lote interna fija, no es f\u00e1cil de dispersar.<\/p>\n<p>Cabeza de destornillador de alta precisi\u00f3n, acero de alta gama (acero al cromo vanadio) mediante tratamiento t\u00e9rmico especial.<br \/>\nJuego completo de 24 cabezales de lote, especificaciones completas, se puede adaptar para trabajar en muchos campos diferentes.<\/p>\n<p>El mango en la fabricaci\u00f3n de material de aleaci\u00f3n de aviaci\u00f3n, ligero y duradero.<\/p>\n<p>La cola est\u00e1 dise\u00f1ada con rodamiento de precisi\u00f3n, flexible y f\u00e1cil de usar.<\/p>\n<p>Con un paquete compacto y surtido, es muy f\u00e1cil de llevar a todas partes.<\/p>\n<p>Como herramientas de hardware profesionales, puede proporcionarle la funci\u00f3n m\u00e1s potente.<\/p>\n<p>Adecuado para la mayor\u00eda de productos digitales, varios tipos de ordenadores, tel\u00e9fonos m\u00f3viles, c\u00e1maras, gafas, relojes.<\/p>\n<p>Especificaciones:<\/p>\n<p>Nombre de la marca: Woodpow<\/p>\n<p>Nombre del producto: Juego de destornilladores 25 en 1<\/p>\n<p>Tama\u00f1o abierto de la funda: aprox. 20&#215;10,3 cm\/7,8&#215;4,0 pulgadas<\/p>\n<p>Color de la funda: negro<\/p>\n<p>Color de la herramienta: plata<\/p>\n<p>Material: acero<\/p>\n<p>Destornillador de cinco estrellas: 0,8 1,2<\/p>\n<p>Destornillador Trox: T2 T3 T4 T5 T6 T7 T8 T9 T10 T15<\/p>\n<p>Controlador triangular: 2,3<\/p>\n<p>Destornillador Y: 2,0<\/p>\n<p>Destornillador cruzado: PH0000 PH000 PH00 PH0 PH1<\/p>\n<p>Destornillador plano: 1,0 1,5 2,0 3,0<\/p>\n<p>Destornillador de punto: 0,8<\/p>\n<p>Mango de destornillador (1 Unidad)<\/p>\n<p>Peso neto: 125g<\/p>\n<p>Incluye:<\/p>\n<p>1 Juego de destornilladores 25 en 1<\/p>\n","protected":false},"excerpt":{"rendered":"<p>Mini destornillador de precisi\u00f3n 25 en 1, juego magn\u00e9tico, destornillador Torx electr\u00f3nico, Kit de herramientas de reparaci\u00f3n de apertura para iPhone, c\u00e1mara, reloj, PC Descripci\u00f3n: Embalaje Tipo cartera, ligero y port\u00e1til. Bayoneta de cabeza de lote interna fija, no es f\u00e1cil de dispersar. Cabeza de destornillador de alta precisi\u00f3n, acero de alta gama (acero al [&hellip;]<\/p>\n","protected":false},"featured_media":1294,"comment_status":"open","ping_status":"closed","template":"","meta":{"_uag_custom_page_level_css":"","site-sidebar-layout":"default","site-content-layout":"","ast-site-content-layout":"default","site-content-style":"default","site-sidebar-style":"default","ast-global-header-display":"","ast-banner-title-visibility":"","ast-main-header-display":"","ast-hfb-above-header-display":"","ast-hfb-below-header-display":"","ast-hfb-mobile-header-display":"","site-post-title":"","ast-breadcrumbs-content":"","ast-featured-img":"","footer-sml-layout":"","ast-disable-related-posts":"","theme-transparent-header-meta":"","adv-header-id-meta":"","stick-header-meta":"","header-above-stick-meta":"","header-main-stick-meta":"","header-below-stick-meta":"","astra-migrate-meta-layouts":"default","ast-page-background-enabled":"default","ast-page-background-meta":{"desktop":{"background-color":"","background-image":"","background-repeat":"repeat","background-position":"center center","background-size":"auto","background-attachment":"scroll","background-type":"","background-media":"","overlay-type":"","overlay-color":"","overlay-opacity":"","overlay-gradient":""},"tablet":{"background-color":"","background-image":"","background-repeat":"repeat","background-position":"center center","background-size":"auto","background-attachment":"scroll","background-type":"","background-media":"","overlay-type":"","overlay-color":"","overlay-opacity":"","overlay-gradient":""},"mobile":{"background-color":"","background-image":"","background-repeat":"repeat","background-position":"center center","background-size":"auto","background-attachment":"scroll","background-type":"","background-media":"","overlay-type":"","overlay-color":"","overlay-opacity":"","overlay-gradient":""}},"ast-content-background-meta":{"desktop":{"background-color":"var(--ast-global-color-5)","background-image":"","background-repeat":"repeat","background-position":"center center","background-size":"auto","background-attachment":"scroll","background-type":"","background-media":"","overlay-type":"","overlay-color":"","overlay-opacity":"","overlay-gradient":""},"tablet":{"background-color":"var(--ast-global-color-5)","background-image":"","background-repeat":"repeat","background-position":"center center","background-size":"auto","background-attachment":"scroll","background-type":"","background-media":"","overlay-type":"","overlay-color":"","overlay-opacity":"","overlay-gradient":""},"mobile":{"background-color":"var(--ast-global-color-5)","background-image":"","background-repeat":"repeat","background-position":"center center","background-size":"auto","background-attachment":"scroll","background-type":"","background-media":"","overlay-type":"","overlay-color":"","overlay-opacity":"","overlay-gradient":""}},"_joinchat":[]},"product_brand":[],"product_cat":[26],"product_tag":[],"class_list":{"0":"post-1293","1":"product","2":"type-product","3":"status-publish","4":"has-post-thumbnail","6":"product_cat-herramientas","7":"desktop-align-left","8":"tablet-align-left","9":"mobile-align-left","11":"first","12":"instock","13":"sale","14":"taxable","15":"shipping-taxable","16":"purchasable","17":"product-type-simple"},"uagb_featured_image_src":{"full":["https:\/\/tiendachilevip.com\/wp-content\/uploads\/2023\/05\/1-18.png",1000,1000,false],"thumbnail":["https:\/\/tiendachilevip.com\/wp-content\/uploads\/2023\/05\/1-18-150x150.png",150,150,true],"medium":["https:\/\/tiendachilevip.com\/wp-content\/uploads\/2023\/05\/1-18-300x300.png",300,300,true],"medium_large":["https:\/\/tiendachilevip.com\/wp-content\/uploads\/2023\/05\/1-18-768x768.png",768,768,true],"large":["https:\/\/tiendachilevip.com\/wp-content\/uploads\/2023\/05\/1-18.png",1000,1000,false],"1536x1536":["https:\/\/tiendachilevip.com\/wp-content\/uploads\/2023\/05\/1-18.png",1000,1000,false],"2048x2048":["https:\/\/tiendachilevip.com\/wp-content\/uploads\/2023\/05\/1-18.png",1000,1000,false],"woocommerce_thumbnail":["https:\/\/tiendachilevip.com\/wp-content\/uploads\/2023\/05\/1-18-300x300.png",300,300,true],"woocommerce_single":["https:\/\/tiendachilevip.com\/wp-content\/uploads\/2023\/05\/1-18-600x600.png",600,600,true],"woocommerce_gallery_thumbnail":["https:\/\/tiendachilevip.com\/wp-content\/uploads\/2023\/05\/1-18-100x100.png",100,100,true]},"uagb_author_info":{"display_name":"pablo lopez","author_link":"https:\/\/tiendachilevip.com\/?author=0"},"uagb_comment_info":0,"uagb_excerpt":"Mini destornillador de precisi\u00f3n 25 en 1, juego magn\u00e9tico, destornillador Torx electr\u00f3nico, Kit de herramientas de reparaci\u00f3n de apertura para iPhone, c\u00e1mara, reloj, PC Descripci\u00f3n: Embalaje Tipo cartera, ligero y port\u00e1til. Bayoneta de cabeza de lote interna fija, no es f\u00e1cil de dispersar. Cabeza de destornillador de alta precisi\u00f3n, acero de alta gama (acero al&hellip;","_links":{"self":[{"href":"https:\/\/tiendachilevip.com\/index.php?rest_route=\/wp\/v2\/product\/1293","targetHints":{"allow":["GET"]}}],"collection":[{"href":"https:\/\/tiendachilevip.com\/index.php?rest_route=\/wp\/v2\/product"}],"about":[{"href":"https:\/\/tiendachilevip.com\/index.php?rest_route=\/wp\/v2\/types\/product"}],"replies":[{"embeddable":true,"href":"https:\/\/tiendachilevip.com\/index.php?rest_route=%2Fwp%2Fv2%2Fcomments&post=1293"}],"wp:featuredmedia":[{"embeddable":true,"href":"https:\/\/tiendachilevip.com\/index.php?rest_route=\/wp\/v2\/media\/1294"}],"wp:attachment":[{"href":"https:\/\/tiendachilevip.com\/index.php?rest_route=%2Fwp%2Fv2%2Fmedia&parent=1293"}],"wp:term":[{"taxonomy":"product_brand","embeddable":true,"href":"https:\/\/tiendachilevip.com\/index.php?rest_route=%2Fwp%2Fv2%2Fproduct_brand&post=1293"},{"taxonomy":"product_cat","embeddable":true,"href":"https:\/\/tiendachilevip.com\/index.php?rest_route=%2Fwp%2Fv2%2Fproduct_cat&post=1293"},{"taxonomy":"product_tag","embeddable":true,"href":"https:\/\/tiendachilevip.com\/index.php?rest_route=%2Fwp%2Fv2%2Fproduct_tag&post=1293"}],"curies":[{"name":"wp","href":"https:\/\/api.w.org\/{rel}","templated":true}]}}