{"id":1274,"date":"2023-05-03T10:27:22","date_gmt":"2023-05-03T14:27:22","guid":{"rendered":"https:\/\/tiendachilevip.com\/?post_type=product&#038;p=1274"},"modified":"2023-05-03T12:13:10","modified_gmt":"2023-05-03T16:13:10","slug":"medidor-digital-temperatura-y-pureza-agua","status":"publish","type":"product","link":"https:\/\/tiendachilevip.com\/?product=medidor-digital-temperatura-y-pureza-agua","title":{"rendered":"Medidor Digital Temperatura Y Pureza Agua"},"content":{"rendered":"<p>M\u00e1s barato en tiendachilevip cl<br \/>\nMedidor Digital de temperatura TDS EC 3 en 1, bol\u00edgrafo de prueba de agua LCD, filtro de pureza con 4 modos diferentes, probador de nivel de agua<\/p>\n<p>La pantalla LCD es conveniente para leer y grabar datos y almacena lecturas para una f\u00e1cil lectura y grabaci\u00f3n, y el medidor digital LCD TDS se utiliza para probar la pureza de la calidad del agua del filtro, para comprobar el rendimiento de su filtro de agua y comprobar la dureza (1 grano = 17 ppm) . Para garantizar que siempre beba agua limpia y segura, se recomienda el TDS para cada familia.<br \/>\nFunci\u00f3n de apagado autom\u00e1tico: Apague el medidor despu\u00e9s de 5 minutos de no uso para ahorrar la bater\u00eda<br \/>\nFunci\u00f3n de compensaci\u00f3n autom\u00e1tica de temperatura cuando el medidor est\u00e1 en modo de medici\u00f3n.<br \/>\nPuede cambiar entre TDS y conductividad haciendo clic en la tecla de cambio, haciendo doble clic en la tecla de cambio y cambiando entre temperatura Celsius y Fahrenheit.<br \/>\nAlimentado por 1 Bater\u00eda CR2032 de 3V (no incluida) que puede procesar aproximadamente 1000 horas continuamente, herramientas ideales para purificadores de agua, piscinas, laboratorios en obras acu\u00e1ticas, CDC, granjas de acuicultura, hospitales, etc.<\/p>\n<p>Medidor Digital de temperatura TDS EC 3 en 1, bol\u00edgrafo de prueba de agua LCD, filtro de pureza con 4 modos diferentes, probador de nivel de agua<\/p>\n<p>Caracter\u00edsticas:<br \/>\nEl medidor Digital TDS 1,3 en 1 Puede proporcionar lecturas precisas de TDS EC y temperatura.<br \/>\n2. El instrumento TDS tiene compensaci\u00f3n autom\u00e1tica de temperatura en modo de medici\u00f3n.<br \/>\n3,5 minutos de apagado autom\u00e1tico. Ahorra energ\u00eda y prolonga la vida \u00fatil de la bater\u00eda.<br \/>\n4. Conversi\u00f3n multimodo: hay 4 modos diferentes para el instrumento TDS EC. Pulse shift para cambiar entre diferentes modos.<br \/>\n5. Funci\u00f3n de memoria de modo. Cada modo de inicio es el modo predeterminado utilizado antes del apagado.<\/p>\n<p>Descripci\u00f3n:<br \/>\n1. El medidor de agua TDS Probador es un profesional de nivel de agua con funcionamiento simple, apariencia de moda y peque\u00f1o volumen.<br \/>\n2. Es muy adecuado para todas las pruebas de calidad del agua, aplicaciones de purificaci\u00f3n de agua, regulaci\u00f3n de aguas residuales, acuicultura, hidropon\u00eda, pruebas cient\u00edficas y de laboratorio, piscinas, pruebas ecol\u00f3gicas, plata coloidal, tratamiento de aguas, etc.<\/p>\n<p>Especificaciones:<br \/>\nRango de medici\u00f3n: Conductividad: 0-9990 s \/ cm<br \/>\nTDS:0-9999ppm<br \/>\nRango de temperatura: 0,1-80,0 (32,0-176,0 )<br \/>\nPrecisi\u00f3n: 2%<br \/>\nMaterial: ABS<br \/>\nTama\u00f1o: 154*30*14mm\/6,06*1,18*0,55<\/p>\n<p>Notas:<br \/>\n1. Debido a los diferentes monitores y efectos de luz, el color real del art\u00edculo puede ser ligeramente diferente al color mostrado en las im\u00e1genes.<br \/>\n2. Permita una ligera desviaci\u00f3n de medici\u00f3n debido a la medici\u00f3n manual<\/p>\n","protected":false},"excerpt":{"rendered":"<p>M\u00e1s barato en tiendachilevip cl Medidor Digital de temperatura TDS EC 3 en 1, bol\u00edgrafo de prueba de agua LCD, filtro de pureza con 4 modos diferentes, probador de nivel de agua La pantalla LCD es conveniente para leer y grabar datos y almacena lecturas para una f\u00e1cil lectura y grabaci\u00f3n, y el medidor digital [&hellip;]<\/p>\n","protected":false},"featured_media":1280,"comment_status":"open","ping_status":"closed","template":"","meta":{"_uag_custom_page_level_css":"","site-sidebar-layout":"default","site-content-layout":"","ast-site-content-layout":"default","site-content-style":"default","site-sidebar-style":"default","ast-global-header-display":"","ast-banner-title-visibility":"","ast-main-header-display":"","ast-hfb-above-header-display":"","ast-hfb-below-header-display":"","ast-hfb-mobile-header-display":"","site-post-title":"","ast-breadcrumbs-content":"","ast-featured-img":"","footer-sml-layout":"","ast-disable-related-posts":"","theme-transparent-header-meta":"","adv-header-id-meta":"","stick-header-meta":"","header-above-stick-meta":"","header-main-stick-meta":"","header-below-stick-meta":"","astra-migrate-meta-layouts":"default","ast-page-background-enabled":"default","ast-page-background-meta":{"desktop":{"background-color":"","background-image":"","background-repeat":"repeat","background-position":"center center","background-size":"auto","background-attachment":"scroll","background-type":"","background-media":"","overlay-type":"","overlay-color":"","overlay-opacity":"","overlay-gradient":""},"tablet":{"background-color":"","background-image":"","background-repeat":"repeat","background-position":"center center","background-size":"auto","background-attachment":"scroll","background-type":"","background-media":"","overlay-type":"","overlay-color":"","overlay-opacity":"","overlay-gradient":""},"mobile":{"background-color":"","background-image":"","background-repeat":"repeat","background-position":"center center","background-size":"auto","background-attachment":"scroll","background-type":"","background-media":"","overlay-type":"","overlay-color":"","overlay-opacity":"","overlay-gradient":""}},"ast-content-background-meta":{"desktop":{"background-color":"var(--ast-global-color-5)","background-image":"","background-repeat":"repeat","background-position":"center center","background-size":"auto","background-attachment":"scroll","background-type":"","background-media":"","overlay-type":"","overlay-color":"","overlay-opacity":"","overlay-gradient":""},"tablet":{"background-color":"var(--ast-global-color-5)","background-image":"","background-repeat":"repeat","background-position":"center center","background-size":"auto","background-attachment":"scroll","background-type":"","background-media":"","overlay-type":"","overlay-color":"","overlay-opacity":"","overlay-gradient":""},"mobile":{"background-color":"var(--ast-global-color-5)","background-image":"","background-repeat":"repeat","background-position":"center center","background-size":"auto","background-attachment":"scroll","background-type":"","background-media":"","overlay-type":"","overlay-color":"","overlay-opacity":"","overlay-gradient":""}},"_joinchat":[]},"product_brand":[],"product_cat":[43],"product_tag":[],"class_list":{"0":"post-1274","1":"product","2":"type-product","3":"status-publish","4":"has-post-thumbnail","6":"product_cat-cocina","7":"desktop-align-left","8":"tablet-align-left","9":"mobile-align-left","11":"first","12":"instock","13":"sale","14":"taxable","15":"shipping-taxable","16":"purchasable","17":"product-type-simple"},"uagb_featured_image_src":{"full":["https:\/\/tiendachilevip.com\/wp-content\/uploads\/2023\/05\/6-13.png",868,933,false],"thumbnail":["https:\/\/tiendachilevip.com\/wp-content\/uploads\/2023\/05\/6-13-150x150.png",150,150,true],"medium":["https:\/\/tiendachilevip.com\/wp-content\/uploads\/2023\/05\/6-13-279x300.png",279,300,true],"medium_large":["https:\/\/tiendachilevip.com\/wp-content\/uploads\/2023\/05\/6-13-768x826.png",768,826,true],"large":["https:\/\/tiendachilevip.com\/wp-content\/uploads\/2023\/05\/6-13.png",868,933,false],"1536x1536":["https:\/\/tiendachilevip.com\/wp-content\/uploads\/2023\/05\/6-13.png",868,933,false],"2048x2048":["https:\/\/tiendachilevip.com\/wp-content\/uploads\/2023\/05\/6-13.png",868,933,false],"woocommerce_thumbnail":["https:\/\/tiendachilevip.com\/wp-content\/uploads\/2023\/05\/6-13-300x300.png",300,300,true],"woocommerce_single":["https:\/\/tiendachilevip.com\/wp-content\/uploads\/2023\/05\/6-13-600x645.png",600,645,true],"woocommerce_gallery_thumbnail":["https:\/\/tiendachilevip.com\/wp-content\/uploads\/2023\/05\/6-13-100x100.png",100,100,true]},"uagb_author_info":{"display_name":"pablo lopez","author_link":"https:\/\/tiendachilevip.com\/?author=0"},"uagb_comment_info":0,"uagb_excerpt":"M\u00e1s barato en tiendachilevip cl Medidor Digital de temperatura TDS EC 3 en 1, bol\u00edgrafo de prueba de agua LCD, filtro de pureza con 4 modos diferentes, probador de nivel de agua La pantalla LCD es conveniente para leer y grabar datos y almacena lecturas para una f\u00e1cil lectura y grabaci\u00f3n, y el medidor digital&hellip;","_links":{"self":[{"href":"https:\/\/tiendachilevip.com\/index.php?rest_route=\/wp\/v2\/product\/1274","targetHints":{"allow":["GET"]}}],"collection":[{"href":"https:\/\/tiendachilevip.com\/index.php?rest_route=\/wp\/v2\/product"}],"about":[{"href":"https:\/\/tiendachilevip.com\/index.php?rest_route=\/wp\/v2\/types\/product"}],"replies":[{"embeddable":true,"href":"https:\/\/tiendachilevip.com\/index.php?rest_route=%2Fwp%2Fv2%2Fcomments&post=1274"}],"wp:featuredmedia":[{"embeddable":true,"href":"https:\/\/tiendachilevip.com\/index.php?rest_route=\/wp\/v2\/media\/1280"}],"wp:attachment":[{"href":"https:\/\/tiendachilevip.com\/index.php?rest_route=%2Fwp%2Fv2%2Fmedia&parent=1274"}],"wp:term":[{"taxonomy":"product_brand","embeddable":true,"href":"https:\/\/tiendachilevip.com\/index.php?rest_route=%2Fwp%2Fv2%2Fproduct_brand&post=1274"},{"taxonomy":"product_cat","embeddable":true,"href":"https:\/\/tiendachilevip.com\/index.php?rest_route=%2Fwp%2Fv2%2Fproduct_cat&post=1274"},{"taxonomy":"product_tag","embeddable":true,"href":"https:\/\/tiendachilevip.com\/index.php?rest_route=%2Fwp%2Fv2%2Fproduct_tag&post=1274"}],"curies":[{"name":"wp","href":"https:\/\/api.w.org\/{rel}","templated":true}]}}