{"id":1259,"date":"2023-05-03T10:17:00","date_gmt":"2023-05-03T14:17:00","guid":{"rendered":"https:\/\/tiendachilevip.com\/?post_type=product&#038;p=1259"},"modified":"2023-05-03T10:27:17","modified_gmt":"2023-05-03T14:27:17","slug":"masajeador-de-cuello","status":"publish","type":"product","link":"https:\/\/tiendachilevip.com\/?product=masajeador-de-cuello","title":{"rendered":"Masajeador De Cuello"},"content":{"rendered":"<p>M\u00e1s barato en tiendachilevip cl<br \/>\nDescripci\u00f3n:<br \/>\nTama\u00f1o peque\u00f1o, ligero, f\u00e1cil de llevar y almacenar.<br \/>\n10 modos ajustables, satisfacen diferentes necesidades.<br \/>\nParte de masaje: cuello\/espalda\/cintura\/cadera\/pierna y otras partes<br \/>\nT\u00e9cnica de masaje: shiatsu, amasar, tapar, masajear<br \/>\nEspecificaciones:<br \/>\nModo de uso: A ~ F (6 modos)<br \/>\nFrecuencia: 1 ~ 100Hz<br \/>\nTiempo de funcionamiento: 12 minutos<br \/>\nCorriente de salida: hasta 9,8 ma<br \/>\nContacto del masaje: 2<br \/>\nInstrucciones:<br \/>\n1. Gire el anfitri\u00f3n con el parche de gel.<br \/>\n2. Destape la pel\u00edcula transparente en el parche de gel.<br \/>\n3. Coloque el instrumento en el \u00e1rea donde necesita masajear.<br \/>\n4. Presione el bot\u00f3n \u00abON\/INC\u00bb para encenderlo, la luz siempre est\u00e1 encendida, presione el bot\u00f3n \u00abon\/INC\u00bb de nuevo para comenzar, la luz parpadea.<br \/>\n5. Pulse el bot\u00f3n de programa para seleccionar el modo deseado.<br \/>\n6. Ajuste a la intensidad del masaje que le convenga. Continuar presionando<br \/>\n\u00abON\/INC\u00bb para aumentar la intensidad y \u00abOFF\/DEL\u00bb para disminuir el<br \/>\nIntensidad.<br \/>\nEspecificaciones:<br \/>\nTama\u00f1o peque\u00f1o, ligero, f\u00e1cil de llevar y almacenar.<\/p>\n<p>El paquete incluye:<br \/>\n1 Unidad x masajeador (Estilo de la bater\u00eda)<\/p>\n<p>Nota: La bater\u00eda no est\u00e1 incluida.<\/p>\n","protected":false},"excerpt":{"rendered":"<p>M\u00e1s barato en tiendachilevip cl Descripci\u00f3n: Tama\u00f1o peque\u00f1o, ligero, f\u00e1cil de llevar y almacenar. 10 modos ajustables, satisfacen diferentes necesidades. Parte de masaje: cuello\/espalda\/cintura\/cadera\/pierna y otras partes T\u00e9cnica de masaje: shiatsu, amasar, tapar, masajear Especificaciones: Modo de uso: A ~ F (6 modos) Frecuencia: 1 ~ 100Hz Tiempo de funcionamiento: 12 minutos Corriente de salida: [&hellip;]<\/p>\n","protected":false},"featured_media":1260,"comment_status":"open","ping_status":"closed","template":"","meta":{"_uag_custom_page_level_css":"","site-sidebar-layout":"default","site-content-layout":"","ast-site-content-layout":"default","site-content-style":"default","site-sidebar-style":"default","ast-global-header-display":"","ast-banner-title-visibility":"","ast-main-header-display":"","ast-hfb-above-header-display":"","ast-hfb-below-header-display":"","ast-hfb-mobile-header-display":"","site-post-title":"","ast-breadcrumbs-content":"","ast-featured-img":"","footer-sml-layout":"","ast-disable-related-posts":"","theme-transparent-header-meta":"","adv-header-id-meta":"","stick-header-meta":"","header-above-stick-meta":"","header-main-stick-meta":"","header-below-stick-meta":"","astra-migrate-meta-layouts":"default","ast-page-background-enabled":"default","ast-page-background-meta":{"desktop":{"background-color":"","background-image":"","background-repeat":"repeat","background-position":"center center","background-size":"auto","background-attachment":"scroll","background-type":"","background-media":"","overlay-type":"","overlay-color":"","overlay-opacity":"","overlay-gradient":""},"tablet":{"background-color":"","background-image":"","background-repeat":"repeat","background-position":"center center","background-size":"auto","background-attachment":"scroll","background-type":"","background-media":"","overlay-type":"","overlay-color":"","overlay-opacity":"","overlay-gradient":""},"mobile":{"background-color":"","background-image":"","background-repeat":"repeat","background-position":"center center","background-size":"auto","background-attachment":"scroll","background-type":"","background-media":"","overlay-type":"","overlay-color":"","overlay-opacity":"","overlay-gradient":""}},"ast-content-background-meta":{"desktop":{"background-color":"var(--ast-global-color-5)","background-image":"","background-repeat":"repeat","background-position":"center center","background-size":"auto","background-attachment":"scroll","background-type":"","background-media":"","overlay-type":"","overlay-color":"","overlay-opacity":"","overlay-gradient":""},"tablet":{"background-color":"var(--ast-global-color-5)","background-image":"","background-repeat":"repeat","background-position":"center center","background-size":"auto","background-attachment":"scroll","background-type":"","background-media":"","overlay-type":"","overlay-color":"","overlay-opacity":"","overlay-gradient":""},"mobile":{"background-color":"var(--ast-global-color-5)","background-image":"","background-repeat":"repeat","background-position":"center center","background-size":"auto","background-attachment":"scroll","background-type":"","background-media":"","overlay-type":"","overlay-color":"","overlay-opacity":"","overlay-gradient":""}},"_joinchat":[]},"product_brand":[],"product_cat":[31],"product_tag":[],"class_list":{"0":"post-1259","1":"product","2":"type-product","3":"status-publish","4":"has-post-thumbnail","6":"product_cat-belleza","7":"desktop-align-left","8":"tablet-align-left","9":"mobile-align-left","11":"first","12":"instock","13":"sale","14":"taxable","15":"shipping-taxable","16":"purchasable","17":"product-type-simple"},"uagb_featured_image_src":{"full":["https:\/\/tiendachilevip.com\/wp-content\/uploads\/2023\/05\/1-15.png",800,800,false],"thumbnail":["https:\/\/tiendachilevip.com\/wp-content\/uploads\/2023\/05\/1-15-150x150.png",150,150,true],"medium":["https:\/\/tiendachilevip.com\/wp-content\/uploads\/2023\/05\/1-15-300x300.png",300,300,true],"medium_large":["https:\/\/tiendachilevip.com\/wp-content\/uploads\/2023\/05\/1-15-768x768.png",768,768,true],"large":["https:\/\/tiendachilevip.com\/wp-content\/uploads\/2023\/05\/1-15.png",800,800,false],"1536x1536":["https:\/\/tiendachilevip.com\/wp-content\/uploads\/2023\/05\/1-15.png",800,800,false],"2048x2048":["https:\/\/tiendachilevip.com\/wp-content\/uploads\/2023\/05\/1-15.png",800,800,false],"woocommerce_thumbnail":["https:\/\/tiendachilevip.com\/wp-content\/uploads\/2023\/05\/1-15-300x300.png",300,300,true],"woocommerce_single":["https:\/\/tiendachilevip.com\/wp-content\/uploads\/2023\/05\/1-15-600x600.png",600,600,true],"woocommerce_gallery_thumbnail":["https:\/\/tiendachilevip.com\/wp-content\/uploads\/2023\/05\/1-15-100x100.png",100,100,true]},"uagb_author_info":{"display_name":"pablo lopez","author_link":"https:\/\/tiendachilevip.com\/?author=0"},"uagb_comment_info":0,"uagb_excerpt":"M\u00e1s barato en tiendachilevip cl Descripci\u00f3n: Tama\u00f1o peque\u00f1o, ligero, f\u00e1cil de llevar y almacenar. 10 modos ajustables, satisfacen diferentes necesidades. Parte de masaje: cuello\/espalda\/cintura\/cadera\/pierna y otras partes T\u00e9cnica de masaje: shiatsu, amasar, tapar, masajear Especificaciones: Modo de uso: A ~ F (6 modos) Frecuencia: 1 ~ 100Hz Tiempo de funcionamiento: 12 minutos Corriente de salida:&hellip;","_links":{"self":[{"href":"https:\/\/tiendachilevip.com\/index.php?rest_route=\/wp\/v2\/product\/1259","targetHints":{"allow":["GET"]}}],"collection":[{"href":"https:\/\/tiendachilevip.com\/index.php?rest_route=\/wp\/v2\/product"}],"about":[{"href":"https:\/\/tiendachilevip.com\/index.php?rest_route=\/wp\/v2\/types\/product"}],"replies":[{"embeddable":true,"href":"https:\/\/tiendachilevip.com\/index.php?rest_route=%2Fwp%2Fv2%2Fcomments&post=1259"}],"wp:featuredmedia":[{"embeddable":true,"href":"https:\/\/tiendachilevip.com\/index.php?rest_route=\/wp\/v2\/media\/1260"}],"wp:attachment":[{"href":"https:\/\/tiendachilevip.com\/index.php?rest_route=%2Fwp%2Fv2%2Fmedia&parent=1259"}],"wp:term":[{"taxonomy":"product_brand","embeddable":true,"href":"https:\/\/tiendachilevip.com\/index.php?rest_route=%2Fwp%2Fv2%2Fproduct_brand&post=1259"},{"taxonomy":"product_cat","embeddable":true,"href":"https:\/\/tiendachilevip.com\/index.php?rest_route=%2Fwp%2Fv2%2Fproduct_cat&post=1259"},{"taxonomy":"product_tag","embeddable":true,"href":"https:\/\/tiendachilevip.com\/index.php?rest_route=%2Fwp%2Fv2%2Fproduct_tag&post=1259"}],"curies":[{"name":"wp","href":"https:\/\/api.w.org\/{rel}","templated":true}]}}