{"id":1184,"date":"2023-05-02T01:13:07","date_gmt":"2023-05-02T05:13:07","guid":{"rendered":"https:\/\/tiendachilevip.com\/?post_type=product&#038;p=1184"},"modified":"2023-05-02T01:14:53","modified_gmt":"2023-05-02T05:14:53","slug":"linterna-de-cabeza-2","status":"publish","type":"product","link":"https:\/\/tiendachilevip.com\/?product=linterna-de-cabeza-2","title":{"rendered":"Linterna De Cabeza"},"content":{"rendered":"<p class=\"ui-pdp-description__content\">Caracter\u00edstica:<br \/>\n* Mini y compacto, f\u00e1cil de usar y c\u00f3modo de llevar.<br \/>\n* Correas ajustables para la cabeza, dise\u00f1o ergon\u00f3mico.<br \/>\n* 2 botones independientes para 7 modos de luz (luz alta COB-luz baja COB-luz alta COB SOS-XPE-luz baja XPE-Flash XPE SOS-XPE) para cumplir con sus diferentes requisitos.<br \/>\n* Se proporciona una base ajustable para cada faro, con inclinaci\u00f3n de ida y vuelta.<br \/>\n* Adecuado para camping, escalada, senderismo, pesca nocturna, espeleolog\u00eda y otras actividades al aire libre.<br \/>\nNota:<br \/>\n-La versi\u00f3n del Sensor tiene m\u00e1s funciones de sensor que la versi\u00f3n normal, y otras funciones son consistentes<br \/>\n-La funci\u00f3n del sensor debe encenderse presionando el interruptor durante 3 segundos.<br \/>\n-Resistente al agua: se puede utilizar en lluvia, pero no en el agua.<br \/>\n-Mantenga presionado el bot\u00f3n del interruptor XPE para activar el s\u00e9ptimo Modo de iluminaci\u00f3n: modo de Flash XPE bead<\/p>\n<p>Informaci\u00f3n de producto:<\/p>\n<p>* Material: ABS<br \/>\n* Modelo de LED: 1 x pe + 1 x COB<br \/>\n* L\u00famenes: 180lm (COB) 100lm (XPE)<br \/>\n* Color del art\u00edculo: negro<br \/>\n* Color de la luz: blanco<br \/>\n* Modo de iluminaci\u00f3n: 7 modos<br \/>\n* Bater\u00eda: 1 x bater\u00eda 18650 (no incluida)<br \/>\n* Tipo de interruptor: interruptor de presi\u00f3n independiente<br \/>\n* L\u00e1mpara tama\u00f1o de la cabeza: 8,5 cm x 3,8 cm x 4cm<br \/>\n* Peso total: 65g<\/p>\n","protected":false},"excerpt":{"rendered":"<p>Caracter\u00edstica: * Mini y compacto, f\u00e1cil de usar y c\u00f3modo de llevar. * Correas ajustables para la cabeza, dise\u00f1o ergon\u00f3mico. * 2 botones independientes para 7 modos de luz (luz alta COB-luz baja COB-luz alta COB SOS-XPE-luz baja XPE-Flash XPE SOS-XPE) para cumplir con sus diferentes requisitos. * Se proporciona una base ajustable para cada [&hellip;]<\/p>\n","protected":false},"featured_media":1188,"comment_status":"open","ping_status":"closed","template":"","meta":{"_uag_custom_page_level_css":"","site-sidebar-layout":"default","site-content-layout":"","ast-site-content-layout":"default","site-content-style":"default","site-sidebar-style":"default","ast-global-header-display":"","ast-banner-title-visibility":"","ast-main-header-display":"","ast-hfb-above-header-display":"","ast-hfb-below-header-display":"","ast-hfb-mobile-header-display":"","site-post-title":"","ast-breadcrumbs-content":"","ast-featured-img":"","footer-sml-layout":"","ast-disable-related-posts":"","theme-transparent-header-meta":"","adv-header-id-meta":"","stick-header-meta":"","header-above-stick-meta":"","header-main-stick-meta":"","header-below-stick-meta":"","astra-migrate-meta-layouts":"default","ast-page-background-enabled":"default","ast-page-background-meta":{"desktop":{"background-color":"","background-image":"","background-repeat":"repeat","background-position":"center center","background-size":"auto","background-attachment":"scroll","background-type":"","background-media":"","overlay-type":"","overlay-color":"","overlay-opacity":"","overlay-gradient":""},"tablet":{"background-color":"","background-image":"","background-repeat":"repeat","background-position":"center center","background-size":"auto","background-attachment":"scroll","background-type":"","background-media":"","overlay-type":"","overlay-color":"","overlay-opacity":"","overlay-gradient":""},"mobile":{"background-color":"","background-image":"","background-repeat":"repeat","background-position":"center center","background-size":"auto","background-attachment":"scroll","background-type":"","background-media":"","overlay-type":"","overlay-color":"","overlay-opacity":"","overlay-gradient":""}},"ast-content-background-meta":{"desktop":{"background-color":"var(--ast-global-color-5)","background-image":"","background-repeat":"repeat","background-position":"center center","background-size":"auto","background-attachment":"scroll","background-type":"","background-media":"","overlay-type":"","overlay-color":"","overlay-opacity":"","overlay-gradient":""},"tablet":{"background-color":"var(--ast-global-color-5)","background-image":"","background-repeat":"repeat","background-position":"center center","background-size":"auto","background-attachment":"scroll","background-type":"","background-media":"","overlay-type":"","overlay-color":"","overlay-opacity":"","overlay-gradient":""},"mobile":{"background-color":"var(--ast-global-color-5)","background-image":"","background-repeat":"repeat","background-position":"center center","background-size":"auto","background-attachment":"scroll","background-type":"","background-media":"","overlay-type":"","overlay-color":"","overlay-opacity":"","overlay-gradient":""}},"_joinchat":[]},"product_brand":[],"product_cat":[26],"product_tag":[],"class_list":{"0":"post-1184","1":"product","2":"type-product","3":"status-publish","4":"has-post-thumbnail","6":"product_cat-herramientas","7":"desktop-align-left","8":"tablet-align-left","9":"mobile-align-left","11":"first","12":"instock","13":"sale","14":"taxable","15":"shipping-taxable","16":"purchasable","17":"product-type-simple"},"uagb_featured_image_src":{"full":["https:\/\/tiendachilevip.com\/wp-content\/uploads\/2023\/05\/4-7.png",1000,1000,false],"thumbnail":["https:\/\/tiendachilevip.com\/wp-content\/uploads\/2023\/05\/4-7-150x150.png",150,150,true],"medium":["https:\/\/tiendachilevip.com\/wp-content\/uploads\/2023\/05\/4-7-300x300.png",300,300,true],"medium_large":["https:\/\/tiendachilevip.com\/wp-content\/uploads\/2023\/05\/4-7-768x768.png",768,768,true],"large":["https:\/\/tiendachilevip.com\/wp-content\/uploads\/2023\/05\/4-7.png",1000,1000,false],"1536x1536":["https:\/\/tiendachilevip.com\/wp-content\/uploads\/2023\/05\/4-7.png",1000,1000,false],"2048x2048":["https:\/\/tiendachilevip.com\/wp-content\/uploads\/2023\/05\/4-7.png",1000,1000,false],"woocommerce_thumbnail":["https:\/\/tiendachilevip.com\/wp-content\/uploads\/2023\/05\/4-7-300x300.png",300,300,true],"woocommerce_single":["https:\/\/tiendachilevip.com\/wp-content\/uploads\/2023\/05\/4-7-600x600.png",600,600,true],"woocommerce_gallery_thumbnail":["https:\/\/tiendachilevip.com\/wp-content\/uploads\/2023\/05\/4-7-100x100.png",100,100,true]},"uagb_author_info":{"display_name":"pablo lopez","author_link":"https:\/\/tiendachilevip.com\/?author=0"},"uagb_comment_info":0,"uagb_excerpt":"Caracter\u00edstica: * Mini y compacto, f\u00e1cil de usar y c\u00f3modo de llevar. * Correas ajustables para la cabeza, dise\u00f1o ergon\u00f3mico. * 2 botones independientes para 7 modos de luz (luz alta COB-luz baja COB-luz alta COB SOS-XPE-luz baja XPE-Flash XPE SOS-XPE) para cumplir con sus diferentes requisitos. * Se proporciona una base ajustable para cada&hellip;","_links":{"self":[{"href":"https:\/\/tiendachilevip.com\/index.php?rest_route=\/wp\/v2\/product\/1184","targetHints":{"allow":["GET"]}}],"collection":[{"href":"https:\/\/tiendachilevip.com\/index.php?rest_route=\/wp\/v2\/product"}],"about":[{"href":"https:\/\/tiendachilevip.com\/index.php?rest_route=\/wp\/v2\/types\/product"}],"replies":[{"embeddable":true,"href":"https:\/\/tiendachilevip.com\/index.php?rest_route=%2Fwp%2Fv2%2Fcomments&post=1184"}],"wp:featuredmedia":[{"embeddable":true,"href":"https:\/\/tiendachilevip.com\/index.php?rest_route=\/wp\/v2\/media\/1188"}],"wp:attachment":[{"href":"https:\/\/tiendachilevip.com\/index.php?rest_route=%2Fwp%2Fv2%2Fmedia&parent=1184"}],"wp:term":[{"taxonomy":"product_brand","embeddable":true,"href":"https:\/\/tiendachilevip.com\/index.php?rest_route=%2Fwp%2Fv2%2Fproduct_brand&post=1184"},{"taxonomy":"product_cat","embeddable":true,"href":"https:\/\/tiendachilevip.com\/index.php?rest_route=%2Fwp%2Fv2%2Fproduct_cat&post=1184"},{"taxonomy":"product_tag","embeddable":true,"href":"https:\/\/tiendachilevip.com\/index.php?rest_route=%2Fwp%2Fv2%2Fproduct_tag&post=1184"}],"curies":[{"name":"wp","href":"https:\/\/api.w.org\/{rel}","templated":true}]}}