{"id":1137,"date":"2023-05-01T13:37:49","date_gmt":"2023-05-01T17:37:49","guid":{"rendered":"https:\/\/tiendachilevip.com\/?post_type=product&#038;p=1137"},"modified":"2023-05-01T13:40:14","modified_gmt":"2023-05-01T17:40:14","slug":"juguete-para-gatos","status":"publish","type":"product","link":"https:\/\/tiendachilevip.com\/?product=juguete-para-gatos","title":{"rendered":"Juguete Para Gatos"},"content":{"rendered":"<p>Juguete interactivo para gatos, juguete divertido para mascotas, juguetes interactivos para gatos, juguetes de varita de plumas, juguetes giratorios<\/p>\n<p>Especificaci\u00f3n:<\/p>\n<p>Material : ABS PP pluma<\/p>\n<p>Tipo de art\u00edculo: juguete para gato<\/p>\n<p>Tama\u00f1o:<\/p>\n<p>Pollito amarillo: 15*5,5*8,5 cm<\/p>\n<p>Color: amarillo<\/p>\n<p>El paquete incluye:<\/p>\n<p>1 x juguete volteador<\/p>\n<p>Nota:<\/p>\n<p>1. Permite un error de 0-1cm debido a la medici\u00f3n manual. Por favor, aseg\u00farate de que no te importa antes de realizar el pedido.<\/p>\n<p>2. Debido a la diferencia entre diferentes monitores, la imagen puede no reflejar el color real del art\u00edculo. \u00a1Gracias!<\/p>\n","protected":false},"excerpt":{"rendered":"<p>Juguete interactivo para gatos, juguete divertido para mascotas, juguetes interactivos para gatos, juguetes de varita de plumas, juguetes giratorios Especificaci\u00f3n: Material : ABS PP pluma Tipo de art\u00edculo: juguete para gato Tama\u00f1o: Pollito amarillo: 15*5,5*8,5 cm Color: amarillo El paquete incluye: 1 x juguete volteador Nota: 1. Permite un error de 0-1cm debido a la [&hellip;]<\/p>\n","protected":false},"featured_media":1141,"comment_status":"open","ping_status":"closed","template":"","meta":{"_uag_custom_page_level_css":"","site-sidebar-layout":"default","site-content-layout":"","ast-site-content-layout":"default","site-content-style":"default","site-sidebar-style":"default","ast-global-header-display":"","ast-banner-title-visibility":"","ast-main-header-display":"","ast-hfb-above-header-display":"","ast-hfb-below-header-display":"","ast-hfb-mobile-header-display":"","site-post-title":"","ast-breadcrumbs-content":"","ast-featured-img":"","footer-sml-layout":"","ast-disable-related-posts":"","theme-transparent-header-meta":"","adv-header-id-meta":"","stick-header-meta":"","header-above-stick-meta":"","header-main-stick-meta":"","header-below-stick-meta":"","astra-migrate-meta-layouts":"default","ast-page-background-enabled":"default","ast-page-background-meta":{"desktop":{"background-color":"","background-image":"","background-repeat":"repeat","background-position":"center center","background-size":"auto","background-attachment":"scroll","background-type":"","background-media":"","overlay-type":"","overlay-color":"","overlay-opacity":"","overlay-gradient":""},"tablet":{"background-color":"","background-image":"","background-repeat":"repeat","background-position":"center center","background-size":"auto","background-attachment":"scroll","background-type":"","background-media":"","overlay-type":"","overlay-color":"","overlay-opacity":"","overlay-gradient":""},"mobile":{"background-color":"","background-image":"","background-repeat":"repeat","background-position":"center center","background-size":"auto","background-attachment":"scroll","background-type":"","background-media":"","overlay-type":"","overlay-color":"","overlay-opacity":"","overlay-gradient":""}},"ast-content-background-meta":{"desktop":{"background-color":"var(--ast-global-color-5)","background-image":"","background-repeat":"repeat","background-position":"center center","background-size":"auto","background-attachment":"scroll","background-type":"","background-media":"","overlay-type":"","overlay-color":"","overlay-opacity":"","overlay-gradient":""},"tablet":{"background-color":"var(--ast-global-color-5)","background-image":"","background-repeat":"repeat","background-position":"center center","background-size":"auto","background-attachment":"scroll","background-type":"","background-media":"","overlay-type":"","overlay-color":"","overlay-opacity":"","overlay-gradient":""},"mobile":{"background-color":"var(--ast-global-color-5)","background-image":"","background-repeat":"repeat","background-position":"center center","background-size":"auto","background-attachment":"scroll","background-type":"","background-media":"","overlay-type":"","overlay-color":"","overlay-opacity":"","overlay-gradient":""}},"_joinchat":[]},"product_brand":[],"product_cat":[23],"product_tag":[],"class_list":{"0":"post-1137","1":"product","2":"type-product","3":"status-publish","4":"has-post-thumbnail","6":"product_cat-juguetes","7":"desktop-align-left","8":"tablet-align-left","9":"mobile-align-left","11":"first","12":"instock","13":"sale","14":"taxable","15":"shipping-taxable","16":"purchasable","17":"product-type-simple"},"uagb_featured_image_src":{"full":["https:\/\/tiendachilevip.com\/wp-content\/uploads\/2023\/05\/4-2.png",800,724,false],"thumbnail":["https:\/\/tiendachilevip.com\/wp-content\/uploads\/2023\/05\/4-2-150x150.png",150,150,true],"medium":["https:\/\/tiendachilevip.com\/wp-content\/uploads\/2023\/05\/4-2-300x272.png",300,272,true],"medium_large":["https:\/\/tiendachilevip.com\/wp-content\/uploads\/2023\/05\/4-2-768x695.png",768,695,true],"large":["https:\/\/tiendachilevip.com\/wp-content\/uploads\/2023\/05\/4-2.png",800,724,false],"1536x1536":["https:\/\/tiendachilevip.com\/wp-content\/uploads\/2023\/05\/4-2.png",800,724,false],"2048x2048":["https:\/\/tiendachilevip.com\/wp-content\/uploads\/2023\/05\/4-2.png",800,724,false],"woocommerce_thumbnail":["https:\/\/tiendachilevip.com\/wp-content\/uploads\/2023\/05\/4-2-300x300.png",300,300,true],"woocommerce_single":["https:\/\/tiendachilevip.com\/wp-content\/uploads\/2023\/05\/4-2-600x543.png",600,543,true],"woocommerce_gallery_thumbnail":["https:\/\/tiendachilevip.com\/wp-content\/uploads\/2023\/05\/4-2-100x100.png",100,100,true]},"uagb_author_info":{"display_name":"pablo lopez","author_link":"https:\/\/tiendachilevip.com\/?author=0"},"uagb_comment_info":0,"uagb_excerpt":"Juguete interactivo para gatos, juguete divertido para mascotas, juguetes interactivos para gatos, juguetes de varita de plumas, juguetes giratorios Especificaci\u00f3n: Material : ABS PP pluma Tipo de art\u00edculo: juguete para gato Tama\u00f1o: Pollito amarillo: 15*5,5*8,5 cm Color: amarillo El paquete incluye: 1 x juguete volteador Nota: 1. Permite un error de 0-1cm debido a la&hellip;","_links":{"self":[{"href":"https:\/\/tiendachilevip.com\/index.php?rest_route=\/wp\/v2\/product\/1137","targetHints":{"allow":["GET"]}}],"collection":[{"href":"https:\/\/tiendachilevip.com\/index.php?rest_route=\/wp\/v2\/product"}],"about":[{"href":"https:\/\/tiendachilevip.com\/index.php?rest_route=\/wp\/v2\/types\/product"}],"replies":[{"embeddable":true,"href":"https:\/\/tiendachilevip.com\/index.php?rest_route=%2Fwp%2Fv2%2Fcomments&post=1137"}],"wp:featuredmedia":[{"embeddable":true,"href":"https:\/\/tiendachilevip.com\/index.php?rest_route=\/wp\/v2\/media\/1141"}],"wp:attachment":[{"href":"https:\/\/tiendachilevip.com\/index.php?rest_route=%2Fwp%2Fv2%2Fmedia&parent=1137"}],"wp:term":[{"taxonomy":"product_brand","embeddable":true,"href":"https:\/\/tiendachilevip.com\/index.php?rest_route=%2Fwp%2Fv2%2Fproduct_brand&post=1137"},{"taxonomy":"product_cat","embeddable":true,"href":"https:\/\/tiendachilevip.com\/index.php?rest_route=%2Fwp%2Fv2%2Fproduct_cat&post=1137"},{"taxonomy":"product_tag","embeddable":true,"href":"https:\/\/tiendachilevip.com\/index.php?rest_route=%2Fwp%2Fv2%2Fproduct_tag&post=1137"}],"curies":[{"name":"wp","href":"https:\/\/api.w.org\/{rel}","templated":true}]}}